CRAN Package Check Results for Package fhidata

Last updated on 2020-04-25 01:53:01 CEST.

Flavor Version Tinstall Tcheck Ttotal Status Flags
r-devel-linux-x86_64-debian-clang 2019.8.27 11.92 67.64 79.56 NOTE
r-devel-linux-x86_64-debian-gcc 2019.8.27 12.05 50.58 62.63 NOTE
r-devel-linux-x86_64-fedora-clang 2019.8.27 100.03 NOTE
r-devel-linux-x86_64-fedora-gcc 2019.8.27 98.79 NOTE
r-devel-windows-ix86+x86_64 2019.8.27 26.00 78.00 104.00 NOTE
r-patched-linux-x86_64 2019.8.27 11.30 64.15 75.45 NOTE
r-patched-osx-x86_64 2019.8.27 NOTE
r-patched-solaris-x86 2019.8.27 158.10 NOTE
r-release-linux-x86_64 2019.8.27 12.34 62.05 74.39 NOTE
r-release-windows-ix86+x86_64 2019.8.27 25.00 104.00 129.00 NOTE
r-release-osx-x86_64 2019.8.27 NOTE
r-oldrel-windows-ix86+x86_64 2019.8.27 19.00 83.00 102.00 NOTE
r-oldrel-osx-x86_64 2019.8.27 NOTE

Check Details

Version: 2019.8.27
Check: package dependencies
Result: NOTE
    Package suggested but not available for checking: 'SDMTools'
Flavors: r-devel-linux-x86_64-debian-clang, r-devel-linux-x86_64-debian-gcc, r-devel-linux-x86_64-fedora-clang, r-devel-linux-x86_64-fedora-gcc, r-patched-linux-x86_64, r-patched-osx-x86_64, r-patched-solaris-x86, r-release-linux-x86_64

Version: 2019.8.27
Check: installed package size
Result: NOTE
     installed size is 6.7Mb
     sub-directories of 1Mb or more:
     data 6.3Mb
Flavors: r-devel-linux-x86_64-fedora-clang, r-devel-windows-ix86+x86_64, r-patched-osx-x86_64, r-patched-solaris-x86, r-release-windows-ix86+x86_64, r-release-osx-x86_64, r-oldrel-windows-ix86+x86_64, r-oldrel-osx-x86_64

Version: 2019.8.27
Check: data for non-ASCII characters
Result: NOTE
     Note: found 5077 marked UTF-8 strings
Flavors: r-devel-linux-x86_64-fedora-clang, r-devel-linux-x86_64-fedora-gcc, r-patched-osx-x86_64, r-patched-solaris-x86, r-release-osx-x86_64, r-oldrel-osx-x86_64