CRAN Package Check Results for Package ff

Last updated on 2020-04-25 01:53:01 CEST.

Flavor Version Tinstall Tcheck Ttotal Status Flags
r-devel-linux-x86_64-debian-clang 2.2-14.2 41.53 88.76 130.29 NOTE
r-devel-linux-x86_64-debian-gcc 2.2-14.2 33.59 67.29 100.88 NOTE
r-devel-linux-x86_64-fedora-clang 2.2-14.2 164.36 WARN
r-devel-linux-x86_64-fedora-gcc 2.2-14.2 162.33 NOTE
r-devel-windows-ix86+x86_64 2.2-14.2 119.00 125.00 244.00 NOTE
r-patched-linux-x86_64 2.2-14.2 39.23 86.82 126.05 NOTE
r-patched-osx-x86_64 2.2-14.2 NOTE
r-patched-solaris-x86 2.2-14.2 251.40 NOTE
r-release-linux-x86_64 2.2-14.2 36.83 80.23 117.06 NOTE
r-release-windows-ix86+x86_64 2.2-14.2 122.00 118.00 240.00 NOTE
r-release-osx-x86_64 2.2-14.2 NOTE
r-oldrel-windows-ix86+x86_64 2.2-14.2 89.00 154.00 243.00 NOTE
r-oldrel-osx-x86_64 2.2-14 OK

Check Details

Version: 2.2-14.2
Check: dependencies in R code
Result: NOTE
    Unexported object imported by a ':::' call: 'bit:::R_bit_as_hi'
     See the note in ?`:::` about the use of this operator.
Flavors: r-devel-linux-x86_64-debian-clang, r-devel-linux-x86_64-debian-gcc, r-devel-linux-x86_64-fedora-clang, r-devel-linux-x86_64-fedora-gcc, r-devel-windows-ix86+x86_64, r-patched-linux-x86_64, r-patched-osx-x86_64, r-patched-solaris-x86, r-release-linux-x86_64, r-release-windows-ix86+x86_64, r-release-osx-x86_64, r-oldrel-windows-ix86+x86_64

Version: 2.2-14.2
Check: package dependencies
Result: WARN
    Requires orphaned package: ‘bit’
Flavor: r-devel-linux-x86_64-fedora-clang

Version: 2.2-14.2
Check: compiled code
Result: NOTE
    File ‘ff/libs/ff.so’:
     Found no call to: ‘R_useDynamicSymbols’
    
    It is good practice to register native routines and to disable symbol
    search.
    
    See ‘Writing portable packages’ in the ‘Writing R Extensions’ manual.
Flavors: r-devel-linux-x86_64-fedora-clang, r-devel-linux-x86_64-fedora-gcc