CRAN Package Check Results for Package fergm

Last updated on 2020-04-25 01:53:01 CEST.

Flavor Version Tinstall Tcheck Ttotal Status Flags
r-devel-linux-x86_64-debian-clang 1.1.4 13.38 133.65 147.03 OK
r-devel-linux-x86_64-debian-gcc 1.1.4 11.10 103.76 114.86 OK
r-devel-linux-x86_64-fedora-clang 1.1.4 174.15 OK
r-devel-linux-x86_64-fedora-gcc 1.1.4 172.19 OK
r-devel-windows-ix86+x86_64 1.1.4 43.00 137.00 180.00 OK
r-patched-linux-x86_64 1.1.4 10.14 129.29 139.43 OK
r-patched-osx-x86_64 1.1.4 WARN
r-patched-solaris-x86 1.1.4 274.50 OK
r-release-linux-x86_64 1.1.4 11.92 115.66 127.58 OK
r-release-windows-ix86+x86_64 1.1.4 33.00 129.00 162.00 OK
r-release-osx-x86_64 1.1.4 OK
r-oldrel-windows-ix86+x86_64 1.1.4 12.00 176.00 188.00 OK
r-oldrel-osx-x86_64 1.1.4 OK

Check Details

Version: 1.1.4
Check: re-building of vignette outputs
Result: WARN
    Error(s) in re-building vignettes:
     ...
    --- re-building ‘mesaHighVignette.Rmd’ using rmarkdown
    dyld: lazy symbol binding failed: Symbol not found: ____chkstk_darwin
     Referenced from: /usr/local/bin/pandoc (which was built for Mac OS X 10.15)
     Expected in: /usr/lib/libSystem.B.dylib
    
    dyld: Symbol not found: ____chkstk_darwin
     Referenced from: /usr/local/bin/pandoc (which was built for Mac OS X 10.15)
     Expected in: /usr/lib/libSystem.B.dylib
    
    Error: processing vignette 'mesaHighVignette.Rmd' failed with diagnostics:
    pandoc document conversion failed with error 6
    --- failed re-building ‘mesaHighVignette.Rmd’
    
    SUMMARY: processing the following file failed:
     ‘mesaHighVignette.Rmd’
    
    Error: Vignette re-building failed.
    Execution halted
Flavor: r-patched-osx-x86_64