CRAN Package Check Results for Package featuretoolsR

Last updated on 2020-04-25 01:53:01 CEST.

Flavor Version Tinstall Tcheck Ttotal Status Flags
r-devel-linux-x86_64-debian-clang 0.4.3 17.75 151.13 168.88 OK
r-devel-linux-x86_64-debian-gcc 0.4.3 14.64 117.12 131.76 OK
r-devel-linux-x86_64-fedora-clang 0.4.3 215.66 NOTE
r-devel-linux-x86_64-fedora-gcc 0.4.3 213.17 NOTE
r-devel-windows-ix86+x86_64 0.4.3 40.00 127.00 167.00 OK
r-patched-linux-x86_64 0.4.3 17.17 145.75 162.92 OK
r-patched-osx-x86_64 0.4.3 NOTE
r-patched-solaris-x86 0.4.3 226.20 NOTE
r-release-linux-x86_64 0.4.3 14.17 137.15 151.32 NOTE
r-release-windows-ix86+x86_64 0.4.3 46.00 229.00 275.00 OK
r-release-osx-x86_64 0.4.3 NOTE
r-oldrel-windows-ix86+x86_64 0.4.3 19.00 174.00 193.00 OK
r-oldrel-osx-x86_64 0.4.3 NOTE

Check Details

Version: 0.4.3
Check: dependencies in R code
Result: NOTE
    Namespaces in Imports field not imported from:
     ‘magrittr’ ‘testthat’
     All declared Imports should be used.
Flavors: r-devel-linux-x86_64-fedora-clang, r-devel-linux-x86_64-fedora-gcc, r-patched-osx-x86_64, r-patched-solaris-x86, r-release-osx-x86_64, r-oldrel-osx-x86_64

Version: 0.4.3
Check: DESCRIPTION meta-information
Result: NOTE
    Dependence on R version ‘3.4.2’ not with patchlevel 0
Flavor: r-release-linux-x86_64