Last updated on 2020-04-25 01:53:01 CEST.
Flavor | Version | Tinstall | Tcheck | Ttotal | Status | Flags |
---|---|---|---|---|---|---|
r-devel-linux-x86_64-debian-clang | 1.2.15 | 3.78 | 24.83 | 28.61 | OK | |
r-devel-linux-x86_64-debian-gcc | 1.2.15 | 2.65 | 19.20 | 21.85 | OK | |
r-devel-linux-x86_64-fedora-clang | 1.2.15 | 35.05 | NOTE | |||
r-devel-linux-x86_64-fedora-gcc | 1.2.15 | 34.44 | NOTE | |||
r-devel-windows-ix86+x86_64 | 1.2.15 | 11.00 | 59.00 | 70.00 | OK | |
r-patched-linux-x86_64 | 1.2.15 | 3.38 | 24.16 | 27.54 | OK | |
r-patched-osx-x86_64 | 1.2.15 | OK | ||||
r-patched-solaris-x86 | 1.2.15 | 52.20 | OK | |||
r-release-linux-x86_64 | 1.2.15 | 2.92 | 22.64 | 25.56 | OK | |
r-release-windows-ix86+x86_64 | 1.2.15 | 7.00 | 56.00 | 63.00 | OK | |
r-release-osx-x86_64 | 1.2.15 | OK | ||||
r-oldrel-windows-ix86+x86_64 | 1.2.15 | 5.00 | 39.00 | 44.00 | OK | |
r-oldrel-osx-x86_64 | 1.2.15 | OK |
Version: 1.2.15
Check: compiled code
Result: NOTE
File ‘fdrtool/libs/fdrtool.so’:
Found no calls to: ‘R_registerRoutines’, ‘R_useDynamicSymbols’
It is good practice to register native routines and to disable symbol
search.
See ‘Writing portable packages’ in the ‘Writing R Extensions’ manual.
Flavors: r-devel-linux-x86_64-fedora-clang, r-devel-linux-x86_64-fedora-gcc