CRAN Package Check Results for Package fdcov

Last updated on 2020-04-25 01:53:01 CEST.

Flavor Version Tinstall Tcheck Ttotal Status Flags
r-devel-linux-x86_64-debian-clang 1.1.0 3.67 630.10 633.77 WARN
r-devel-linux-x86_64-debian-gcc 1.1.0 2.89 572.96 575.85 OK
r-devel-linux-x86_64-fedora-clang 1.1.0 972.30 OK
r-devel-linux-x86_64-fedora-gcc 1.1.0 872.63 OK
r-devel-windows-ix86+x86_64 1.1.0 11.00 711.00 722.00 OK
r-patched-linux-x86_64 1.1.0 3.08 628.19 631.27 WARN
r-patched-osx-x86_64 1.1.0 OK
r-patched-solaris-x86 1.1.0 1492.70 OK
r-release-linux-x86_64 1.1.0 2.37 628.45 630.82 WARN
r-release-windows-ix86+x86_64 1.1.0 10.00 570.00 580.00 OK
r-release-osx-x86_64 1.1.0 FAIL
r-oldrel-windows-ix86+x86_64 1.1.0 4.00 704.00 708.00 OK
r-oldrel-osx-x86_64 1.1.0 OK

Check Details

Version: 1.1.0
Check: re-building of vignette outputs
Result: WARN
    Error(s) in re-building vignettes:
     ...
    --- re-building 'vignette.Rmd' using rmarkdown
    Warning in engine$weave(file, quiet = quiet, encoding = enc) :
     The vignette engine knitr::rmarkdown is not available, because the rmarkdown package is not installed. Please install it.
    Loading required package: rainbow
    Loading required package: MASS
    Loading required package: pcaPP
    Loading required package: RCurl
    Killed
Flavors: r-devel-linux-x86_64-debian-clang, r-patched-linux-x86_64, r-release-linux-x86_64

Version: 1.1.0
Check: re-building of vignette outputs
Result: WARN
    Error(s) in re-building vignettes:
     ...
    --- re-building ‘vignette.Rmd’ using rmarkdown
    Warning in engine$weave(file, quiet = quiet, encoding = enc) :
     Pandoc (>= 1.12.3) and/or pandoc-citeproc not available. Falling back to R Markdown v1.
    Loading required package: rainbow
    Loading required package: MASS
    Loading required package: pcaPP
    Loading required package: RCurl
    Loading required package: bitops
    
    Execution halted
Flavor: r-release-osx-x86_64

Version: 1.1.0
Check: PDF version of manual
Result: FAIL
Flavor: r-release-osx-x86_64