Last updated on 2020-04-25 01:53:01 CEST.
Flavor | Version | Tinstall | Tcheck | Ttotal | Status | Flags |
---|---|---|---|---|---|---|
r-devel-linux-x86_64-debian-clang | 0.6 | 100.65 | 32.33 | 132.98 | OK | |
r-devel-linux-x86_64-debian-gcc | 0.6 | 73.73 | 25.08 | 98.81 | OK | |
r-devel-linux-x86_64-fedora-clang | 0.6 | 198.38 | NOTE | |||
r-devel-linux-x86_64-fedora-gcc | 0.6 | 185.99 | OK | |||
r-devel-windows-ix86+x86_64 | 0.6 | 256.00 | 70.00 | 326.00 | OK | |
r-patched-linux-x86_64 | 0.6 | 78.34 | 32.50 | 110.84 | OK | |
r-patched-osx-x86_64 | 0.6 | NOTE | ||||
r-patched-solaris-x86 | 0.6 | 166.30 | OK | |||
r-release-linux-x86_64 | 0.6 | 81.06 | 29.91 | 110.97 | OK | |
r-release-windows-ix86+x86_64 | 0.6 | 238.00 | 68.00 | 306.00 | OK | |
r-release-osx-x86_64 | 0.6 | NOTE | ||||
r-oldrel-windows-ix86+x86_64 | 0.6 | 147.00 | 91.00 | 238.00 | OK | |
r-oldrel-osx-x86_64 | 0.6 | NOTE |
Version: 0.6
Check: installed package size
Result: NOTE
installed size is 9.3Mb
sub-directories of 1Mb or more:
libs 9.2Mb
Flavors: r-devel-linux-x86_64-fedora-clang, r-patched-osx-x86_64, r-release-osx-x86_64, r-oldrel-osx-x86_64