CRAN Package Check Results for Package fbati

Last updated on 2020-04-25 01:53:01 CEST.

Flavor Version Tinstall Tcheck Ttotal Status Flags
r-devel-linux-x86_64-debian-clang 1.0-3 44.38 85.66 130.04 OK
r-devel-linux-x86_64-debian-gcc 1.0-3 31.89 66.66 98.55 OK
r-devel-linux-x86_64-fedora-clang 1.0-3 173.50 OK
r-devel-linux-x86_64-fedora-gcc 1.0-3 161.40 OK
r-devel-windows-ix86+x86_64 1.0-3 90.00 126.00 216.00 OK
r-patched-linux-x86_64 1.0-3 34.48 84.18 118.66 OK
r-patched-osx-x86_64 1.0-3 OK
r-patched-solaris-x86 1.0-3 229.60 OK
r-release-linux-x86_64 1.0-3 35.20 76.94 112.14 OK
r-release-windows-ix86+x86_64 1.0-3 80.00 101.00 181.00 OK
r-release-osx-x86_64 1.0-3 FAIL
r-oldrel-windows-ix86+x86_64 1.0-3 52.00 144.00 196.00 OK
r-oldrel-osx-x86_64 1.0-3 OK

Additional issues

LTO

Check Details

Version: 1.0-3
Check: whether package can be installed
Result: FAIL
Flavor: r-release-osx-x86_64