CRAN Package Check Results for Package fasterElasticNet

Last updated on 2020-04-25 01:53:01 CEST.

Flavor Version Tinstall Tcheck Ttotal Status Flags
r-devel-linux-x86_64-debian-clang 1.1.2 57.65 26.63 84.28 OK
r-devel-linux-x86_64-debian-gcc 1.1.2 40.35 21.50 61.85 OK
r-devel-linux-x86_64-fedora-clang 1.1.2 118.40 NOTE
r-devel-linux-x86_64-fedora-gcc 1.1.2 109.34 OK
r-devel-windows-ix86+x86_64 1.1.2 151.00 68.00 219.00 NOTE
r-patched-linux-x86_64 1.1.2 43.26 26.74 70.00 OK
r-patched-osx-x86_64 1.1.2 NOTE
r-patched-solaris-x86 1.1.2 114.00 OK
r-release-linux-x86_64 1.1.2 47.82 24.89 72.71 OK
r-release-windows-ix86+x86_64 1.1.2 133.00 62.00 195.00 OK
r-release-osx-x86_64 1.1.2 NOTE
r-oldrel-windows-ix86+x86_64 1.1.2 99.00 80.00 179.00 OK
r-oldrel-osx-x86_64 1.1.2 NOTE

Check Details

Version: 1.1.2
Check: installed package size
Result: NOTE
     installed size is 5.6Mb
     sub-directories of 1Mb or more:
     data 3.1Mb
     libs 2.4Mb
Flavors: r-devel-linux-x86_64-fedora-clang, r-devel-windows-ix86+x86_64, r-patched-osx-x86_64, r-release-osx-x86_64, r-oldrel-osx-x86_64