CRAN Package Check Results for Package fakemake

Last updated on 2020-04-25 01:53:01 CEST.

Flavor Version Tinstall Tcheck Ttotal Status Flags
r-devel-linux-x86_64-debian-clang 1.7.1 2.61 102.81 105.42 OK
r-devel-linux-x86_64-debian-gcc 1.7.1 2.19 81.68 83.87 OK
r-devel-linux-x86_64-fedora-clang 1.7.1 135.75 OK
r-devel-linux-x86_64-fedora-gcc 1.7.1 135.69 OK
r-devel-windows-ix86+x86_64 1.7.1 10.00 172.00 182.00 OK
r-patched-linux-x86_64 1.7.1 2.78 101.69 104.47 OK
r-patched-osx-x86_64 1.7.1 OK
r-patched-solaris-x86 1.7.1 122.40 OK
r-release-linux-x86_64 1.7.1 2.13 92.83 94.96 OK
r-release-windows-ix86+x86_64 1.7.1 6.00 214.00 220.00 OK
r-release-osx-x86_64 1.7.1 OK
r-oldrel-windows-ix86+x86_64 1.7.1 3.00 166.00 169.00 OK
r-oldrel-osx-x86_64 1.7.0 ERROR

Check Details

Version: 1.7.0
Check: tests
Result: ERROR
     Running ‘runit.R’ [32s/106s]
    Running the tests in ‘tests/runit.R’ failed.
    Last 13 lines of output:
     test_touch: (1 checks) ... OK (2.01 seconds)
     ---------------------------
     Test file: /Volumes/SSD-Data/Builds/R-dev-web/QA/Simon/packages/el-capitan-x86_64/results/3.5/fakemake.Rcheck/fakemake/runit_tests/runit-throw.R
     test_exception: (1 checks) ... OK (0 seconds)
     ---------------------------
     Test file: /Volumes/SSD-Data/Builds/R-dev-web/QA/Simon/packages/el-capitan-x86_64/results/3.5/fakemake.Rcheck/fakemake/runit_tests/runit-xmake.R
     test_make_full_tree: (4 checks) ... OK (0.04 seconds)
     test_make_missing: (2 checks) ... OK (0.02 seconds)
     test_make_newer: (2 checks) ... OK (1.07 seconds)
     test_make_phony: (3 checks) ... OK (2.03 seconds)
     test_make_prerequisite: (3 checks) ... OK (1.05 seconds)
     test_make_sink: (2 checks) ... OK (0.02 seconds)
     test_make_source_files: (0 checks) ... OK (0 seconds)
     Error: RUnit failed.
     Execution halted
Flavor: r-oldrel-osx-x86_64