CRAN Package Check Results for Package factset.analyticsapi.engines

Last updated on 2020-04-25 01:53:01 CEST.

Flavor Version Tinstall Tcheck Ttotal Status Flags
r-devel-linux-x86_64-debian-clang 3.0.1 34.86 31.12 65.98 OK
r-devel-linux-x86_64-debian-gcc 3.0.1 30.29 24.96 55.25 OK
r-devel-linux-x86_64-fedora-clang 3.0.1 89.18 NOTE
r-devel-linux-x86_64-fedora-gcc 3.0.1 88.63 NOTE
r-devel-windows-ix86+x86_64 3.0.1 60.00 44.00 104.00 OK
r-patched-linux-x86_64 3.0.1 31.70 30.97 62.67 OK
r-patched-osx-x86_64 3.0.1 NOTE
r-patched-solaris-x86 3.0.1 107.40 NOTE
r-release-linux-x86_64 3.0.1 31.57 29.19 60.76 OK
r-release-windows-ix86+x86_64 3.0.1 52.00 38.00 90.00 OK
r-release-osx-x86_64 3.0.1 NOTE
r-oldrel-windows-ix86+x86_64 3.0.1 38.00 54.00 92.00 OK
r-oldrel-osx-x86_64 3.0.1 NOTE

Check Details

Version: 3.0.1
Check: dependencies in R code
Result: NOTE
    Namespaces in Imports field not imported from:
     ‘R6’ ‘caTools’ ‘httr’ ‘jsonlite’ ‘rlang’
     All declared Imports should be used.
Flavors: r-devel-linux-x86_64-fedora-clang, r-devel-linux-x86_64-fedora-gcc, r-patched-osx-x86_64, r-patched-solaris-x86, r-release-osx-x86_64, r-oldrel-osx-x86_64