CRAN Package Check Results for Package factorMerger

Last updated on 2020-04-25 01:53:01 CEST.

Flavor Version Tinstall Tcheck Ttotal Status Flags
r-devel-linux-x86_64-debian-clang 0.4.0 14.40 163.50 177.90 OK
r-devel-linux-x86_64-debian-gcc 0.4.0 12.36 122.40 134.76 OK
r-devel-linux-x86_64-fedora-clang 0.4.0 204.92 NOTE
r-devel-linux-x86_64-fedora-gcc 0.4.0 208.12 NOTE
r-devel-windows-ix86+x86_64 0.4.0 60.00 171.00 231.00 OK
r-patched-linux-x86_64 0.4.0 12.11 155.04 167.15 OK
r-patched-osx-x86_64 0.4.0 WARN
r-patched-solaris-x86 0.4.0 291.60 NOTE
r-release-linux-x86_64 0.4.0 13.38 147.03 160.41 OK
r-release-windows-ix86+x86_64 0.4.0 38.00 161.00 199.00 OK
r-release-osx-x86_64 0.4.0 NOTE
r-oldrel-windows-ix86+x86_64 0.4.0 14.00 222.00 236.00 OK
r-oldrel-osx-x86_64 0.4.0 NOTE

Check Details

Version: 0.4.0
Check: dependencies in R code
Result: NOTE
    Namespaces in Imports field not imported from:
     ‘forcats’ ‘formula.tools’
     All declared Imports should be used.
Flavors: r-devel-linux-x86_64-fedora-clang, r-devel-linux-x86_64-fedora-gcc, r-patched-osx-x86_64, r-patched-solaris-x86, r-release-osx-x86_64, r-oldrel-osx-x86_64

Version: 0.4.0
Check: re-building of vignette outputs
Result: WARN
    Error(s) in re-building vignettes:
    --- re-building ‘brca.Rmd’ using rmarkdown
    Welcome to factorMerger 0.4.0!
    
    Loading required package: forcats
    Warning: Vectorized input to `element_text()` is not officially supported.
    Results may be unexpected or may change in future versions of ggplot2.
    Warning: Vectorized input to `element_text()` is not officially supported.
    Results may be unexpected or may change in future versions of ggplot2.
    Warning: Vectorized input to `element_text()` is not officially supported.
    Results may be unexpected or may change in future versions of ggplot2.
    dyld: lazy symbol binding failed: Symbol not found: ____chkstk_darwin
     Referenced from: /usr/local/bin/pandoc (which was built for Mac OS X 10.15)
     Expected in: /usr/lib/libSystem.B.dylib
    
    dyld: Symbol not found: ____chkstk_darwin
     Referenced from: /usr/local/bin/pandoc (which was built for Mac OS X 10.15)
     Expected in: /usr/lib/libSystem.B.dylib
    
    Error: processing vignette 'brca.Rmd' failed with diagnostics:
    pandoc document conversion failed with error 6
    --- failed re-building ‘brca.Rmd’
    
    --- re-building ‘factorMerger.Rmd’ using rmarkdown
    Welcome to factorMerger 0.4.0!
    
    
    Attaching package: 'dplyr'
    
    The following objects are masked from 'package:stats':
    
     filter, lag
    
    The following objects are masked from 'package:base':
    
     intersect, setdiff, setequal, union
    
    Warning: Vectorized input to `element_text()` is not officially supported.
    Results may be unexpected or may change in future versions of ggplot2.
    Warning: Vectorized input to `element_text()` is not officially supported.
    Results may be unexpected or may change in future versions of ggplot2.
    Warning: Vectorized input to `element_text()` is not officially supported.
    Results may be unexpected or may change in future versions of ggplot2.
    Warning: Vectorized input to `element_text()` is not officially supported.
    Results may be unexpected or may change in future versions of ggplot2.
    Warning: Vectorized input to `element_text()` is not officially supported.
    Results may be unexpected or may change in future versions of ggplot2.
    Warning: Vectorized input to `element_text()` is not officially supported.
    Results may be unexpected or may change in future versions of ggplot2.
    Warning: Vectorized input to `element_text()` is not officially supported.
    Results may be unexpected or may change in future versions of ggplot2.
    Warning: Vectorized input to `element_text()` is not officially supported.
    Results may be unexpected or may change in future versions of ggplot2.
    Warning: Vectorized input to `element_text()` is not officially supported.
    Results may be unexpected or may change in future versions of ggplot2.
    Warning: Vectorized input to `element_text()` is not officially supported.
    Results may be unexpected or may change in future versions of ggplot2.
    Warning: Vectorized input to `element_text()` is not officially supported.
    Results may be unexpected or may change in future versions of ggplot2.
    dyld: lazy symbol binding failed: Symbol not found: ____chkstk_darwin
     Referenced from: /usr/local/bin/pandoc (which was built for Mac OS X 10.15)
     Expected in: /usr/lib/libSystem.B.dylib
    
    dyld: Symbol not found: ____chkstk_darwin
     Referenced from: /usr/local/bin/pandoc (which was built for Mac OS X 10.15)
     Expected in: /usr/lib/libSystem.B.dylib
    
    Error: processing vignette 'factorMerger.Rmd' failed with diagnostics:
    pandoc document conversion failed with error 6
    --- failed re-building ‘factorMerger.Rmd’
    
    --- re-building ‘pisa2012.Rmd’ using rmarkdown
    Welcome to factorMerger 0.4.0!
    
    
    Attaching package: 'dplyr'
    
    The following objects are masked from 'package:stats':
    
     filter, lag
    
    The following objects are masked from 'package:base':
    
     intersect, setdiff, setequal, union
    
    Using country as id variables
    Warning: Vectorized input to `element_text()` is not officially supported.
    Results may be unexpected or may change in future versions of ggplot2.
    dyld: lazy symbol binding failed: Symbol not found: ____chkstk_darwin
     Referenced from: /usr/local/bin/pandoc (which was built for Mac OS X 10.15)
     Expected in: /usr/lib/libSystem.B.dylib
    
    dyld: Symbol not found: ____chkstk_darwin
     Referenced from: /usr/local/bin/pandoc (which was built for Mac OS X 10.15)
     Expected in: /usr/lib/libSystem.B.dylib
    
    Error: processing vignette 'pisa2012.Rmd' failed with diagnostics:
    pandoc document conversion failed with error 6
    --- failed re-building ‘pisa2012.Rmd’
    
    SUMMARY: processing the following files failed:
     ‘brca.Rmd’ ‘factorMerger.Rmd’ ‘pisa2012.Rmd’
    
    Error: Vignette re-building failed.
    Execution halted
Flavor: r-patched-osx-x86_64