Last updated on 2020-04-25 01:53:01 CEST.
Flavor | Version | Tinstall | Tcheck | Ttotal | Status | Flags |
---|---|---|---|---|---|---|
r-devel-linux-x86_64-debian-clang | 1.4.0 | 12.94 | 144.04 | 156.98 | OK | |
r-devel-linux-x86_64-debian-gcc | 1.4.0 | 10.56 | 111.54 | 122.10 | OK | |
r-devel-linux-x86_64-fedora-clang | 1.4.0 | 186.02 | OK | |||
r-devel-linux-x86_64-fedora-gcc | 1.4.0 | 192.20 | OK | |||
r-devel-windows-ix86+x86_64 | 1.4.0 | 31.00 | 150.00 | 181.00 | OK | |
r-patched-linux-x86_64 | 1.4.0 | 13.23 | 141.17 | 154.40 | OK | |
r-patched-osx-x86_64 | 1.4.0 | WARN | ||||
r-patched-solaris-x86 | 1.4.0 | 254.30 | OK | |||
r-release-linux-x86_64 | 1.4.0 | 9.73 | 129.62 | 139.35 | OK | |
r-release-windows-ix86+x86_64 | 1.4.0 | 30.00 | 136.00 | 166.00 | OK | |
r-release-osx-x86_64 | 1.4.0 | OK | ||||
r-oldrel-windows-ix86+x86_64 | 1.4.0 | 13.00 | 187.00 | 200.00 | OK | |
r-oldrel-osx-x86_64 | 1.4.0 | OK |
Version: 1.4.0
Check: re-building of vignette outputs
Result: WARN
Error(s) in re-building vignettes:
...
--- re-building ‘extremeStat.Rmd’ using rmarkdown
dyld: lazy symbol binding failed: Symbol not found: ____chkstk_darwin
Referenced from: /usr/local/bin/pandoc (which was built for Mac OS X 10.15)
Expected in: /usr/lib/libSystem.B.dylib
dyld: Symbol not found: ____chkstk_darwin
Referenced from: /usr/local/bin/pandoc (which was built for Mac OS X 10.15)
Expected in: /usr/lib/libSystem.B.dylib
Error: processing vignette 'extremeStat.Rmd' failed with diagnostics:
pandoc document conversion failed with error 6
--- failed re-building ‘extremeStat.Rmd’
SUMMARY: processing the following file failed:
‘extremeStat.Rmd’
Error: Vignette re-building failed.
Execution halted
Flavor: r-patched-osx-x86_64