CRAN Package Check Results for Package expstudies

Last updated on 2020-04-25 01:53:01 CEST.

Flavor Version Tinstall Tcheck Ttotal Status Flags
r-devel-linux-x86_64-debian-clang 0.0.5 28.60 49.82 78.42 OK
r-devel-linux-x86_64-debian-gcc 0.0.5 16.64 38.83 55.47 OK
r-devel-linux-x86_64-fedora-clang 0.0.5 100.88 OK
r-devel-linux-x86_64-fedora-gcc 0.0.5 92.97 OK
r-devel-windows-ix86+x86_64 0.0.5 83.00 87.00 170.00 OK
r-patched-linux-x86_64 0.0.5 22.20 48.05 70.25 OK
r-patched-osx-x86_64 0.0.5 WARN
r-patched-solaris-x86 0.0.5 112.00 OK
r-release-linux-x86_64 0.0.5 19.57 44.71 64.28 OK
r-release-windows-ix86+x86_64 0.0.5 75.00 81.00 156.00 OK
r-release-osx-x86_64 0.0.5 OK
r-oldrel-windows-ix86+x86_64 0.0.5 44.00 104.00 148.00 OK
r-oldrel-osx-x86_64 0.0.5 OK

Check Details

Version: 0.0.5
Check: re-building of vignette outputs
Result: WARN
    Error(s) in re-building vignettes:
    --- re-building ‘creating_exposures.Rmd’ using rmarkdown
    dyld: lazy symbol binding failed: Symbol not found: ____chkstk_darwin
     Referenced from: /usr/local/bin/pandoc (which was built for Mac OS X 10.15)
     Expected in: /usr/lib/libSystem.B.dylib
    
    dyld: Symbol not found: ____chkstk_darwin
     Referenced from: /usr/local/bin/pandoc (which was built for Mac OS X 10.15)
     Expected in: /usr/lib/libSystem.B.dylib
    
    Error: processing vignette 'creating_exposures.Rmd' failed with diagnostics:
    pandoc document conversion failed with error 6
    --- failed re-building ‘creating_exposures.Rmd’
    
    --- re-building ‘premium_pattern.Rmd’ using rmarkdown
    dyld: lazy symbol binding failed: Symbol not found: ____chkstk_darwin
     Referenced from: /usr/local/bin/pandoc (which was built for Mac OS X 10.15)
     Expected in: /usr/lib/libSystem.B.dylib
    
    dyld: Symbol not found: ____chkstk_darwin
     Referenced from: /usr/local/bin/pandoc (which was built for Mac OS X 10.15)
     Expected in: /usr/lib/libSystem.B.dylib
    
    Error: processing vignette 'premium_pattern.Rmd' failed with diagnostics:
    pandoc document conversion failed with error 6
    --- failed re-building ‘premium_pattern.Rmd’
    
    --- re-building ‘rate_calculations.Rmd’ using rmarkdown
    dyld: lazy symbol binding failed: Symbol not found: ____chkstk_darwin
     Referenced from: /usr/local/bin/pandoc (which was built for Mac OS X 10.15)
     Expected in: /usr/lib/libSystem.B.dylib
    
    dyld: Symbol not found: ____chkstk_darwin
     Referenced from: /usr/local/bin/pandoc (which was built for Mac OS X 10.15)
     Expected in: /usr/lib/libSystem.B.dylib
    
    Error: processing vignette 'rate_calculations.Rmd' failed with diagnostics:
    pandoc document conversion failed with error 6
    --- failed re-building ‘rate_calculations.Rmd’
    
    SUMMARY: processing the following files failed:
     ‘creating_exposures.Rmd’ ‘premium_pattern.Rmd’
     ‘rate_calculations.Rmd’
    
    Error: Vignette re-building failed.
    Execution halted
Flavor: r-patched-osx-x86_64