CRAN Package Check Results for Package expss

Last updated on 2020-04-25 01:53:01 CEST.

Flavor Version Tinstall Tcheck Ttotal Status Flags
r-devel-linux-x86_64-debian-clang 0.10.2 19.13 279.08 298.21 OK --no-tests
r-devel-linux-x86_64-debian-gcc 0.10.2 15.51 323.91 339.42 OK --no-tests
r-devel-linux-x86_64-fedora-clang 0.10.2 291.27 OK
r-devel-linux-x86_64-fedora-gcc 0.10.2 293.92 OK
r-devel-windows-ix86+x86_64 0.10.2 37.00 193.00 230.00 OK
r-patched-linux-x86_64 0.10.2 19.06 293.02 312.08 OK --no-tests
r-patched-osx-x86_64 0.10.2 WARN
r-patched-solaris-x86 0.10.2 297.10 OK
r-release-linux-x86_64 0.10.2 15.70 253.92 269.62 OK --no-tests
r-release-windows-ix86+x86_64 0.10.2 35.00 185.00 220.00 OK
r-release-osx-x86_64 0.10.2 OK
r-oldrel-windows-ix86+x86_64 0.10.2 26.00 244.00 270.00 WARN
r-oldrel-osx-x86_64 0.10.1 WARN

Check Details

Version: 0.10.2
Check: re-building of vignette outputs
Result: WARN
    Error(s) in re-building vignettes:
    --- re-building ‘examples.Rmd’ using rmarkdown
    
    Use 'expss_output_viewer()' to display tables in the RStudio Viewer.
     To return to the console output, use 'expss_output_default()'.
    
    dyld: lazy symbol binding failed: Symbol not found: ____chkstk_darwin
     Referenced from: /usr/local/bin/pandoc (which was built for Mac OS X 10.15)
     Expected in: /usr/lib/libSystem.B.dylib
    
    dyld: Symbol not found: ____chkstk_darwin
     Referenced from: /usr/local/bin/pandoc (which was built for Mac OS X 10.15)
     Expected in: /usr/lib/libSystem.B.dylib
    
    Error: processing vignette 'examples.Rmd' failed with diagnostics:
    pandoc document conversion failed with error 6
    --- failed re-building ‘examples.Rmd’
    
    --- re-building ‘labels-support.Rmd’ using rmarkdown
    
    Use 'expss_output_rnotebook()' to display tables inside R Notebooks.
     To return to the console output, use 'expss_output_default()'.
    
    dyld: lazy symbol binding failed: Symbol not found: ____chkstk_darwin
     Referenced from: /usr/local/bin/pandoc (which was built for Mac OS X 10.15)
     Expected in: /usr/lib/libSystem.B.dylib
    
    dyld: Symbol not found: ____chkstk_darwin
     Referenced from: /usr/local/bin/pandoc (which was built for Mac OS X 10.15)
     Expected in: /usr/lib/libSystem.B.dylib
    
    Error: processing vignette 'labels-support.Rmd' failed with diagnostics:
    pandoc document conversion failed with error 6
    --- failed re-building ‘labels-support.Rmd’
    
    --- re-building ‘tables-with-labels.Rmd’ using rmarkdown
    
    Use 'expss_output_rnotebook()' to display tables inside R Notebooks.
     To return to the console output, use 'expss_output_default()'.
    
    dyld: lazy symbol binding failed: Symbol not found: ____chkstk_darwin
     Referenced from: /usr/local/bin/pandoc (which was built for Mac OS X 10.15)
     Expected in: /usr/lib/libSystem.B.dylib
    
    dyld: Symbol not found: ____chkstk_darwin
     Referenced from: /usr/local/bin/pandoc (which was built for Mac OS X 10.15)
     Expected in: /usr/lib/libSystem.B.dylib
    
    Error: processing vignette 'tables-with-labels.Rmd' failed with diagnostics:
    pandoc document conversion failed with error 6
    --- failed re-building ‘tables-with-labels.Rmd’
    
    --- re-building ‘xlsx-export.Rmd’ using rmarkdown
    dyld: lazy symbol binding failed: Symbol not found: ____chkstk_darwin
     Referenced from: /usr/local/bin/pandoc (which was built for Mac OS X 10.15)
     Expected in: /usr/lib/libSystem.B.dylib
    
    dyld: Symbol not found: ____chkstk_darwin
     Referenced from: /usr/local/bin/pandoc (which was built for Mac OS X 10.15)
     Expected in: /usr/lib/libSystem.B.dylib
    
    Error: processing vignette 'xlsx-export.Rmd' failed with diagnostics:
    pandoc document conversion failed with error 6
    --- failed re-building ‘xlsx-export.Rmd’
    
    SUMMARY: processing the following files failed:
     ‘examples.Rmd’ ‘labels-support.Rmd’ ‘tables-with-labels.Rmd’
     ‘xlsx-export.Rmd’
    
    Error: Vignette re-building failed.
    Execution halted
Flavor: r-patched-osx-x86_64

Version: 0.10.2
Check: for missing documentation entries
Result: WARN
    Undocumented code objects:
     'caption.etable' 'caption<-.etable'
    All user-level objects in a package should have documentation entries.
    See chapter 'Writing R documentation files' in the 'Writing R
    Extensions' manual.
Flavor: r-oldrel-windows-ix86+x86_64

Version: 0.10.1
Check: for missing documentation entries
Result: WARN
    Undocumented code objects:
     ‘caption.etable’ ‘caption<-.etable’
    All user-level objects in a package should have documentation entries.
    See chapter ‘Writing R documentation files’ in the ‘Writing R
    Extensions’ manual.
Flavor: r-oldrel-osx-x86_64