CRAN Package Check Results for Package explor

Last updated on 2020-04-25 01:53:01 CEST.

Flavor Version Tinstall Tcheck Ttotal Status Flags
r-devel-linux-x86_64-debian-clang 0.3.5 9.44 64.14 73.58 OK
r-devel-linux-x86_64-debian-gcc 0.3.5 7.47 49.03 56.50 OK
r-devel-linux-x86_64-fedora-clang 0.3.5 87.89 OK
r-devel-linux-x86_64-fedora-gcc 0.3.5 87.40 OK
r-devel-windows-ix86+x86_64 0.3.5 34.00 81.00 115.00 OK
r-patched-linux-x86_64 0.3.5 8.61 60.47 69.08 OK
r-patched-osx-x86_64 0.3.5 WARN
r-patched-solaris-x86 0.3.5 119.00 OK
r-release-linux-x86_64 0.3.5 6.72 55.55 62.27 OK
r-release-windows-ix86+x86_64 0.3.5 22.00 65.00 87.00 OK
r-release-osx-x86_64 0.3.5 OK
r-oldrel-windows-ix86+x86_64 0.3.5 11.00 100.00 111.00 OK
r-oldrel-osx-x86_64 0.3.5 OK

Check Details

Version: 0.3.5
Check: re-building of vignette outputs
Result: WARN
    Error(s) in re-building vignettes:
    --- re-building ‘introduction_en.Rmd’ using rmarkdown
    dyld: lazy symbol binding failed: Symbol not found: ____chkstk_darwin
     Referenced from: /usr/local/bin/pandoc (which was built for Mac OS X 10.15)
     Expected in: /usr/lib/libSystem.B.dylib
    
    dyld: Symbol not found: ____chkstk_darwin
     Referenced from: /usr/local/bin/pandoc (which was built for Mac OS X 10.15)
     Expected in: /usr/lib/libSystem.B.dylib
    
    Error: processing vignette 'introduction_en.Rmd' failed with diagnostics:
    pandoc document conversion failed with error 6
    --- failed re-building ‘introduction_en.Rmd’
    
    --- re-building ‘introduction_fr.Rmd’ using rmarkdown
    dyld: lazy symbol binding failed: Symbol not found: ____chkstk_darwin
     Referenced from: /usr/local/bin/pandoc (which was built for Mac OS X 10.15)
     Expected in: /usr/lib/libSystem.B.dylib
    
    dyld: Symbol not found: ____chkstk_darwin
     Referenced from: /usr/local/bin/pandoc (which was built for Mac OS X 10.15)
     Expected in: /usr/lib/libSystem.B.dylib
    
    Error: processing vignette 'introduction_fr.Rmd' failed with diagnostics:
    pandoc document conversion failed with error 6
    --- failed re-building ‘introduction_fr.Rmd’
    
    SUMMARY: processing the following files failed:
     ‘introduction_en.Rmd’ ‘introduction_fr.Rmd’
    
    Error: Vignette re-building failed.
    Execution halted
Flavor: r-patched-osx-x86_64