Last updated on 2020-04-25 01:53:01 CEST.
Flavor | Version | Tinstall | Tcheck | Ttotal | Status | Flags |
---|---|---|---|---|---|---|
r-devel-linux-x86_64-debian-clang | 2.12 | 32.34 | 178.64 | 210.98 | OK | |
r-devel-linux-x86_64-debian-gcc | 2.12 | 25.62 | 133.16 | 158.78 | OK | |
r-devel-linux-x86_64-fedora-clang | 2.12 | 253.49 | OK | |||
r-devel-linux-x86_64-fedora-gcc | 2.12 | 256.42 | OK | |||
r-devel-windows-ix86+x86_64 | 2.12 | 59.00 | 155.00 | 214.00 | OK | |
r-patched-linux-x86_64 | 2.12 | 29.31 | 176.13 | 205.44 | OK | |
r-patched-osx-x86_64 | 2.12 | OK | ||||
r-patched-solaris-x86 | 2.12 | 259.20 | NOTE | |||
r-release-linux-x86_64 | 2.12 | 23.36 | 162.08 | 185.44 | OK | |
r-release-windows-ix86+x86_64 | 2.12 | 54.00 | 140.00 | 194.00 | OK | |
r-release-osx-x86_64 | 2.12 | OK | ||||
r-oldrel-windows-ix86+x86_64 | 2.12 | 35.00 | 188.00 | 223.00 | OK | |
r-oldrel-osx-x86_64 | 2.12 | OK |
Version: 2.12
Check: installed package size
Result: NOTE
installed size is 5.3Mb
sub-directories of 1Mb or more:
R 1.3Mb
doc 3.1Mb
Flavor: r-patched-solaris-x86