CRAN Package Check Results for Package eseis

Last updated on 2020-04-25 01:53:01 CEST.

Flavor Version Tinstall Tcheck Ttotal Status Flags
r-devel-linux-x86_64-debian-clang 0.5.0 39.85 164.50 204.35 OK
r-devel-linux-x86_64-debian-gcc 0.5.0 28.37 129.63 158.00 OK
r-devel-linux-x86_64-fedora-clang 0.5.0 265.85 OK
r-devel-linux-x86_64-fedora-gcc 0.5.0 260.67 OK
r-devel-windows-ix86+x86_64 0.5.0 104.00 214.00 318.00 OK
r-patched-linux-x86_64 0.5.0 35.27 163.09 198.36 OK
r-patched-osx-x86_64 0.5.0 OK
r-patched-solaris-x86 0.5.0 274.00 OK
r-release-linux-x86_64 0.5.0 34.53 153.91 188.44 OK
r-release-windows-ix86+x86_64 0.5.0 109.00 191.00 300.00 OK
r-release-osx-x86_64 0.5.0 NOTE
r-oldrel-windows-ix86+x86_64 0.4.0 43.00 171.00 214.00 OK
r-oldrel-osx-x86_64 0.5.0 ERROR

Check Details

Version: 0.5.0
Check: dependencies in R code
Result: NOTE
    No protocol specified
Flavor: r-release-osx-x86_64

Version: 0.5.0
Check: whether package can be installed
Result: ERROR
    Installation failed.
Flavor: r-oldrel-osx-x86_64