CRAN Package Check Results for Package escalation

Last updated on 2020-04-25 01:53:01 CEST.

Flavor Version Tinstall Tcheck Ttotal Status Flags
r-devel-linux-x86_64-debian-clang 0.1.2 7.68 192.41 200.09 OK
r-devel-linux-x86_64-debian-gcc 0.1.2 7.51 144.12 151.63 OK
r-devel-linux-x86_64-fedora-clang 0.1.2 231.86 NOTE
r-devel-linux-x86_64-fedora-gcc 0.1.2 236.35 NOTE
r-devel-windows-ix86+x86_64 0.1.2 39.00 210.00 249.00 OK
r-patched-linux-x86_64 0.1.2 8.56 183.80 192.36 OK
r-patched-osx-x86_64 0.1.2 NOTE
r-patched-solaris-x86 0.1.2 286.70 NOTE
r-release-linux-x86_64 0.1.2 8.15 168.61 176.76 OK
r-release-windows-ix86+x86_64 0.1.2 28.00 273.00 301.00 OK
r-release-osx-x86_64 0.1.2 NOTE
r-oldrel-windows-ix86+x86_64 0.1.2 13.00 208.00 221.00 OK
r-oldrel-osx-x86_64 0.1.1 OK

Check Details

Version: 0.1.2
Check: dependencies in R code
Result: NOTE
    Namespace in Imports field not imported from: ‘ggplot2’
     All declared Imports should be used.
Flavors: r-devel-linux-x86_64-fedora-clang, r-devel-linux-x86_64-fedora-gcc, r-patched-osx-x86_64, r-patched-solaris-x86, r-release-osx-x86_64