CRAN Package Check Results for Package ergm

Last updated on 2020-04-25 01:53:01 CEST.

Flavor Version Tinstall Tcheck Ttotal Status Flags
r-devel-linux-x86_64-debian-clang 3.10.4 60.65 621.63 682.28 OK
r-devel-linux-x86_64-debian-gcc 3.10.4 50.60 480.58 531.18 OK
r-devel-linux-x86_64-fedora-clang 3.10.4 817.02 NOTE
r-devel-linux-x86_64-fedora-gcc 3.10.4 814.86 OK
r-devel-windows-ix86+x86_64 3.10.4 174.00 259.00 433.00 OK --no-examples --no-tests --no-vignettes
r-patched-linux-x86_64 3.10.4 55.28 598.27 653.55 OK
r-patched-osx-x86_64 3.10.4 NOTE
r-patched-solaris-x86 3.10.4 1190.30 OK
r-release-linux-x86_64 3.10.4 51.45 570.08 621.53 OK
r-release-windows-ix86+x86_64 3.10.4 193.00 165.00 358.00 OK --no-examples --no-tests --no-vignettes
r-release-osx-x86_64 3.10.4 NOTE
r-oldrel-windows-ix86+x86_64 3.10.4 122.00 227.00 349.00 OK --no-examples --no-tests --no-vignettes
r-oldrel-osx-x86_64 3.10.4 NOTE

Check Details

Version: 3.10.4
Check: installed package size
Result: NOTE
     installed size is 5.6Mb
     sub-directories of 1Mb or more:
     doc 1.6Mb
     libs 2.1Mb
Flavors: r-devel-linux-x86_64-fedora-clang, r-patched-osx-x86_64, r-release-osx-x86_64, r-oldrel-osx-x86_64

Version: 3.10.4
Check: package dependencies
Result: NOTE
    Package suggested but not available for checking: ‘Rmpi’
Flavors: r-patched-osx-x86_64, r-release-osx-x86_64, r-oldrel-osx-x86_64