CRAN Package Check Results for Package equSA

Last updated on 2020-04-25 01:53:01 CEST.

Flavor Version Tinstall Tcheck Ttotal Status Flags
r-devel-linux-x86_64-debian-clang 1.2.1 16.38 124.00 140.38 NOTE
r-devel-linux-x86_64-debian-gcc 1.2.1 11.57 92.83 104.40 NOTE
r-devel-linux-x86_64-fedora-clang 1.2.1 168.10 NOTE
r-devel-linux-x86_64-fedora-gcc 1.2.1 186.43 NOTE
r-devel-windows-ix86+x86_64 1.2.1 41.00 237.00 278.00 OK
r-patched-linux-x86_64 1.2.1 16.54 137.50 154.04 NOTE
r-patched-osx-x86_64 1.2.1 OK
r-patched-solaris-x86 1.2.1 267.70 NOTE
r-release-linux-x86_64 1.2.1 14.69 129.30 143.99 OK
r-release-windows-ix86+x86_64 1.2.1 42.00 221.00 263.00 OK
r-release-osx-x86_64 1.2.1 OK
r-oldrel-windows-ix86+x86_64 1.2.1 22.00 269.00 291.00 OK
r-oldrel-osx-x86_64 1.2.1 OK

Check Details

Version: 1.2.1
Check: for non-standard things in the check directory
Result: NOTE
    Found the following files/directories:
     'Net1' 'Net2'
Flavors: r-devel-linux-x86_64-debian-clang, r-devel-linux-x86_64-debian-gcc, r-devel-linux-x86_64-fedora-clang, r-devel-linux-x86_64-fedora-gcc, r-patched-linux-x86_64, r-patched-solaris-x86