CRAN Package Check Results for Package eq5d

Last updated on 2020-04-25 01:53:01 CEST.

Flavor Version Tinstall Tcheck Ttotal Status Flags
r-devel-linux-x86_64-debian-clang 0.7.0 3.37 31.65 35.02 OK
r-devel-linux-x86_64-debian-gcc 0.7.0 2.29 24.83 27.12 OK
r-devel-linux-x86_64-fedora-clang 0.7.0 44.03 OK
r-devel-linux-x86_64-fedora-gcc 0.7.0 43.48 OK
r-devel-windows-ix86+x86_64 0.7.0 11.00 46.00 57.00 OK
r-patched-linux-x86_64 0.7.0 3.45 31.36 34.81 OK
r-patched-osx-x86_64 0.7.0 WARN
r-patched-solaris-x86 0.7.0 61.70 NOTE
r-release-linux-x86_64 0.7.0 2.81 29.12 31.93 OK
r-release-windows-ix86+x86_64 0.7.0 8.00 44.00 52.00 OK
r-release-osx-x86_64 0.7.0 OK
r-oldrel-windows-ix86+x86_64 0.7.0 4.00 59.00 63.00 OK
r-oldrel-osx-x86_64 0.6.0 OK

Check Details

Version: 0.7.0
Check: re-building of vignette outputs
Result: WARN
    Error(s) in re-building vignettes:
     ...
    --- re-building ‘eq5d.Rmd’ using rmarkdown
    dyld: lazy symbol binding failed: Symbol not found: ____chkstk_darwin
     Referenced from: /usr/local/bin/pandoc (which was built for Mac OS X 10.15)
     Expected in: /usr/lib/libSystem.B.dylib
    
    dyld: Symbol not found: ____chkstk_darwin
     Referenced from: /usr/local/bin/pandoc (which was built for Mac OS X 10.15)
     Expected in: /usr/lib/libSystem.B.dylib
    
    Error: processing vignette 'eq5d.Rmd' failed with diagnostics:
    pandoc document conversion failed with error 6
    --- failed re-building ‘eq5d.Rmd’
    
    SUMMARY: processing the following file failed:
     ‘eq5d.Rmd’
    
    Error: Vignette re-building failed.
    Execution halted
Flavor: r-patched-osx-x86_64

Version: 0.7.0
Check: installed package size
Result: NOTE
     installed size is 5.1Mb
     sub-directories of 1Mb or more:
     help 4.7Mb
Flavor: r-patched-solaris-x86