CRAN Package Check Results for Package epuR

Last updated on 2020-04-25 01:53:01 CEST.

Flavor Version Tinstall Tcheck Ttotal Status Flags
r-devel-linux-x86_64-debian-clang 0.1 5.17 48.00 53.17 OK
r-devel-linux-x86_64-debian-gcc 0.1 4.12 36.92 41.04 OK
r-devel-linux-x86_64-fedora-clang 0.1 62.57 OK
r-devel-linux-x86_64-fedora-gcc 0.1 61.23 OK
r-devel-windows-ix86+x86_64 0.1 16.00 76.00 92.00 OK
r-patched-linux-x86_64 0.1 5.21 46.34 51.55 OK
r-patched-osx-x86_64 0.1 OK
r-patched-solaris-x86 0.1 92.80 WARN
r-release-linux-x86_64 0.1 4.01 43.63 47.64 OK
r-release-windows-ix86+x86_64 0.1 14.00 66.00 80.00 OK
r-release-osx-x86_64 0.1 WARN
r-oldrel-windows-ix86+x86_64 0.1 5.00 90.00 95.00 OK

Check Details

Version: 0.1
Check: re-building of vignette outputs
Result: WARN
    Error(s) in re-building vignettes:
     ...
    --- re-building ‘epuR_intro.Rmd’ using rmarkdown
    Warning in engine$weave(file, quiet = quiet, encoding = enc) :
     Pandoc (>= 1.12.3) and/or pandoc-citeproc not available. Falling back to R Markdown v1.
    Quitting from lines 21-25 (epuR_intro.Rmd)
    Error: processing vignette 'epuR_intro.Rmd' failed with diagnostics:
    there is no package called 'webshot'
    --- failed re-building ‘epuR_intro.Rmd’
    
    SUMMARY: processing the following file failed:
     ‘epuR_intro.Rmd’
    
    Error: Vignette re-building failed.
    Execution halted
Flavor: r-patched-solaris-x86

Version: 0.1
Check: re-building of vignette outputs
Result: WARN
    Error(s) in re-building vignettes:
     ...
    --- re-building ‘epuR_intro.Rmd’ using rmarkdown
    Warning in engine$weave(file, quiet = quiet, encoding = enc) :
     Pandoc (>= 1.12.3) and/or pandoc-citeproc not available. Falling back to R Markdown v1.
    Quitting from lines 21-25 (epuR_intro.Rmd)
    Error: processing vignette 'epuR_intro.Rmd' failed with diagnostics:
    cannot open the connection
    --- failed re-building ‘epuR_intro.Rmd’
    
    SUMMARY: processing the following file failed:
     ‘epuR_intro.Rmd’
    
    Error: Vignette re-building failed.
    Execution halted
Flavor: r-release-osx-x86_64