CRAN Package Check Results for Package epitab

Last updated on 2020-04-25 01:53:01 CEST.

Flavor Version Tinstall Tcheck Ttotal Status Flags
r-devel-linux-x86_64-debian-clang 0.2.2 2.61 32.44 35.05 OK
r-devel-linux-x86_64-debian-gcc 0.2.2 2.05 25.75 27.80 OK
r-devel-linux-x86_64-fedora-clang 0.2.2 44.21 OK
r-devel-linux-x86_64-fedora-gcc 0.2.2 44.01 OK
r-devel-windows-ix86+x86_64 0.2.2 19.00 46.00 65.00 OK
r-patched-linux-x86_64 0.2.2 2.55 32.16 34.71 OK
r-patched-osx-x86_64 0.2.2 WARN
r-patched-solaris-x86 0.2.2 65.10 OK
r-release-linux-x86_64 0.2.2 2.28 29.66 31.94 OK
r-release-windows-ix86+x86_64 0.2.2 9.00 40.00 49.00 OK
r-release-osx-x86_64 0.2.2 OK
r-oldrel-windows-ix86+x86_64 0.2.2 4.00 57.00 61.00 OK
r-oldrel-osx-x86_64 0.2.2 OK

Check Details

Version: 0.2.2
Check: re-building of vignette outputs
Result: WARN
    Error(s) in re-building vignettes:
    --- re-building ‘user_guide.Rmd’ using rmarkdown
    
    Attaching package: 'dplyr'
    
    The following objects are masked from 'package:stats':
    
     filter, lag
    
    The following objects are masked from 'package:base':
    
     intersect, setdiff, setequal, union
    
    dyld: lazy symbol binding failed: Symbol not found: ____chkstk_darwin
     Referenced from: /usr/local/bin/pandoc (which was built for Mac OS X 10.15)
     Expected in: /usr/lib/libSystem.B.dylib
    
    dyld: Symbol not found: ____chkstk_darwin
     Referenced from: /usr/local/bin/pandoc (which was built for Mac OS X 10.15)
     Expected in: /usr/lib/libSystem.B.dylib
    
    Error: processing vignette 'user_guide.Rmd' failed with diagnostics:
    pandoc document conversion failed with error 6
    --- failed re-building ‘user_guide.Rmd’
    
    SUMMARY: processing the following file failed:
     ‘user_guide.Rmd’
    
    Error: Vignette re-building failed.
    Execution halted
Flavor: r-patched-osx-x86_64