CRAN Package Check Results for Package epiphy

Last updated on 2020-04-25 01:53:01 CEST.

Flavor Version Tinstall Tcheck Ttotal Status Flags
r-devel-linux-x86_64-debian-clang 0.3.4 31.80 118.40 150.20 OK
r-devel-linux-x86_64-debian-gcc 0.3.4 20.80 84.88 105.68 OK
r-devel-linux-x86_64-fedora-clang 0.3.4 187.77 OK
r-devel-linux-x86_64-fedora-gcc 0.3.4 171.92 OK
r-devel-windows-ix86+x86_64 0.3.4 99.00 173.00 272.00 OK
r-patched-linux-x86_64 0.3.4 28.49 108.04 136.53 OK
r-patched-osx-x86_64 0.3.4 WARN
r-patched-solaris-x86 0.3.4 213.10 OK
r-release-linux-x86_64 0.3.4 25.31 104.54 129.85 OK
r-release-windows-ix86+x86_64 0.3.4 78.00 157.00 235.00 OK
r-release-osx-x86_64 0.3.4 OK
r-oldrel-windows-ix86+x86_64 0.3.4 49.00 211.00 260.00 OK
r-oldrel-osx-x86_64 0.3.4 OK

Check Details

Version: 0.3.4
Check: re-building of vignette outputs
Result: WARN
    Error(s) in re-building vignettes:
    --- re-building ‘defs-and-eqns.Rmd’ using rmarkdown
    dyld: lazy symbol binding failed: Symbol not found: ____chkstk_darwin
     Referenced from: /usr/local/bin/pandoc (which was built for Mac OS X 10.15)
     Expected in: /usr/lib/libSystem.B.dylib
    
    dyld: Symbol not found: ____chkstk_darwin
     Referenced from: /usr/local/bin/pandoc (which was built for Mac OS X 10.15)
     Expected in: /usr/lib/libSystem.B.dylib
    
    Error: processing vignette 'defs-and-eqns.Rmd' failed with diagnostics:
    pandoc document conversion failed with error 6
    --- failed re-building ‘defs-and-eqns.Rmd’
    
    --- re-building ‘epiphy.Rmd’ using rmarkdown
    Warning in chisq.test2(freq$observed, freq$random, n_est = n_est[["random"]], :
     Chi-squared approximation may be incorrect.
    Warning in chisq.test2(freq$observed, freq$aggregated, n_est = n_est[["aggregated"]], :
     Chi-squared approximation may be incorrect.
    Warning in chisq.test2(freq$observed, freq$random, n_est = n_est[["random"]], :
     Chi-squared approximation may be incorrect.
    Warning in chisq.test2(freq$observed, freq$aggregated, n_est = n_est[["aggregated"]], :
     Chi-squared approximation may be incorrect.
    Warning in chisq.test2(freq$observed, freq$random, n_est = n_est[["random"]], :
     Chi-squared approximation may be incorrect.
    Warning in chisq.test2(freq$observed, freq$aggregated, n_est = n_est[["aggregated"]], :
     Chi-squared approximation may be incorrect.
    Warning in clump.intensity(., unit_size = c(x = 3, y = 3)) :
     To get even clumps of individuals, a total of 54 source sampling units were dropped.
    dyld: lazy symbol binding failed: Symbol not found: ____chkstk_darwin
     Referenced from: /usr/local/bin/pandoc (which was built for Mac OS X 10.15)
     Expected in: /usr/lib/libSystem.B.dylib
    
    dyld: Symbol not found: ____chkstk_darwin
     Referenced from: /usr/local/bin/pandoc (which was built for Mac OS X 10.15)
     Expected in: /usr/lib/libSystem.B.dylib
    
    Error: processing vignette 'epiphy.Rmd' failed with diagnostics:
    pandoc document conversion failed with error 6
    --- failed re-building ‘epiphy.Rmd’
    
    SUMMARY: processing the following files failed:
     ‘defs-and-eqns.Rmd’ ‘epiphy.Rmd’
    
    Error: Vignette re-building failed.
    Execution halted
Flavor: r-patched-osx-x86_64