Last updated on 2020-04-25 01:53:01 CEST.
Flavor | Version | Tinstall | Tcheck | Ttotal | Status | Flags |
---|---|---|---|---|---|---|
r-devel-linux-x86_64-debian-clang | 1.0.2 | 3.02 | 160.31 | 163.33 | OK | |
r-devel-linux-x86_64-debian-gcc | 1.0.2 | 2.80 | 144.34 | 147.14 | OK | |
r-devel-linux-x86_64-fedora-clang | 1.0.2 | 183.70 | OK | |||
r-devel-linux-x86_64-fedora-gcc | 1.0.2 | 162.82 | OK | |||
r-devel-windows-ix86+x86_64 | 1.0.2 | 10.00 | 136.00 | 146.00 | OK | |
r-patched-linux-x86_64 | 1.0.2 | 2.92 | 134.71 | 137.63 | OK | |
r-patched-osx-x86_64 | 1.0.2 | WARN | ||||
r-patched-solaris-x86 | 1.0.2 | 252.70 | OK | |||
r-release-linux-x86_64 | 1.0.2 | 2.82 | 125.19 | 128.01 | OK | |
r-release-windows-ix86+x86_64 | 1.0.2 | 7.00 | 128.00 | 135.00 | OK | |
r-release-osx-x86_64 | 1.0.2 | OK | ||||
r-oldrel-windows-ix86+x86_64 | 1.0.2 | 3.00 | 174.00 | 177.00 | OK | |
r-oldrel-osx-x86_64 | 1.0.2 | OK |
Version: 1.0.2
Check: re-building of vignette outputs
Result: WARN
Error(s) in re-building vignettes:
...
--- re-building ‘epistasis.Rmd’ using rmarkdown
dyld: lazy symbol binding failed: Symbol not found: ____chkstk_darwin
Referenced from: /usr/local/bin/pandoc (which was built for Mac OS X 10.15)
Expected in: /usr/lib/libSystem.B.dylib
dyld: Symbol not found: ____chkstk_darwin
Referenced from: /usr/local/bin/pandoc (which was built for Mac OS X 10.15)
Expected in: /usr/lib/libSystem.B.dylib
Error: processing vignette 'epistasis.Rmd' failed with diagnostics:
pandoc document conversion failed with error 6
--- failed re-building ‘epistasis.Rmd’
SUMMARY: processing the following file failed:
‘epistasis.Rmd’
Error: Vignette re-building failed.
Execution halted
Flavor: r-patched-osx-x86_64