CRAN Package Check Results for Package enviGCMS

Last updated on 2020-04-25 01:53:01 CEST.

Flavor Version Tinstall Tcheck Ttotal Status Flags
r-devel-linux-x86_64-debian-clang 0.6.0 7.48 70.26 77.74 NOTE
r-devel-linux-x86_64-debian-gcc 0.6.0 5.43 60.83 66.26 OK
r-devel-linux-x86_64-fedora-clang 0.6.0 96.63 NOTE
r-devel-linux-x86_64-fedora-gcc 0.6.0 104.34 NOTE
r-devel-windows-ix86+x86_64 0.6.0 24.00 203.00 227.00 OK
r-patched-linux-x86_64 0.6.0 5.05 75.61 80.66 OK
r-patched-osx-x86_64 0.6.0 ERROR
r-release-linux-x86_64 0.6.0 6.05 66.21 72.26 OK
r-release-windows-ix86+x86_64 0.6.0 16.00 178.00 194.00 OK
r-release-osx-x86_64 0.6.0 NOTE
r-oldrel-windows-ix86+x86_64 0.6.0 8.00 66.00 74.00 ERROR
r-oldrel-osx-x86_64 0.6.0 ERROR

Check Details

Version: 0.6.0
Check: package dependencies
Result: NOTE
    Packages suggested but not available for checking: 'xcms', 'MSnbase'
Flavors: r-devel-linux-x86_64-debian-clang, r-devel-linux-x86_64-fedora-clang

Version: 0.6.0
Check: dependencies in R code
Result: NOTE
    Namespaces in Imports field not imported from:
     ‘DT’ ‘broom’ ‘crosstalk’ ‘dplyr’ ‘ggraph’ ‘igraph’ ‘plotly’
     ‘rmarkdown’ ‘shinythemes’
     All declared Imports should be used.
Flavors: r-devel-linux-x86_64-fedora-clang, r-devel-linux-x86_64-fedora-gcc, r-release-osx-x86_64, r-oldrel-osx-x86_64

Version: 0.6.0
Check: package dependencies
Result: ERROR
    Package required but not available: ‘Rdisop’
    
    Packages suggested but not available for checking: 'xcms', 'MSnbase'
    
    See section ‘The DESCRIPTION file’ in the ‘Writing R Extensions’
    manual.
Flavor: r-patched-osx-x86_64

Version: 0.6.0
Check: examples
Result: ERROR
    Running examples in 'enviGCMS-Ex.R' failed
    The error most likely occurred in:
    
    > ### Name: Getisotopologues
    > ### Title: Get the selected isotopologues at certain MS data
    > ### Aliases: Getisotopologues
    >
    > ### ** Examples
    >
    > # show isotopologues for BDE-47
    > Getisotopologues(formula = 'C12OH6Br4')
    Error in Rdisop::getMolecule(formula, z = charge) :
     function 'dataptr' not provided by package 'Rcpp'
    Calls: Getisotopologues -> <Anonymous>
    Execution halted
Flavors: r-oldrel-windows-ix86+x86_64, r-oldrel-osx-x86_64

Version: 0.6.0
Check: package dependencies
Result: NOTE
    Packages suggested but not available for checking: ‘xcms’ ‘MSnbase’
Flavor: r-oldrel-osx-x86_64