CRAN Package Check Results for Package encryptr

Last updated on 2020-04-25 01:53:01 CEST.

Flavor Version Tinstall Tcheck Ttotal Status Flags
r-devel-linux-x86_64-debian-clang 0.1.3 4.31 43.28 47.59 NOTE
r-devel-linux-x86_64-debian-gcc 0.1.3 3.62 33.00 36.62 NOTE
r-devel-linux-x86_64-fedora-clang 0.1.3 57.45 NOTE
r-devel-linux-x86_64-fedora-gcc 0.1.3 58.33 NOTE
r-devel-windows-ix86+x86_64 0.1.3 23.00 58.00 81.00 OK
r-patched-linux-x86_64 0.1.3 4.61 40.88 45.49 NOTE
r-patched-osx-x86_64 0.1.3 NOTE
r-patched-solaris-x86 0.1.3 89.80 NOTE
r-release-linux-x86_64 0.1.3 3.48 38.19 41.67 OK
r-release-windows-ix86+x86_64 0.1.3 19.00 84.00 103.00 OK
r-release-osx-x86_64 0.1.3 NOTE
r-oldrel-windows-ix86+x86_64 0.1.3 6.00 52.00 58.00 OK
r-oldrel-osx-x86_64 0.1.3 NOTE

Check Details

Version: 0.1.3
Check: for non-standard things in the check directory
Result: NOTE
    Found the following files/directories:
     'file.path(temp_dir, gp2.csv)'
Flavors: r-devel-linux-x86_64-debian-clang, r-devel-linux-x86_64-debian-gcc, r-devel-linux-x86_64-fedora-clang, r-devel-linux-x86_64-fedora-gcc, r-patched-linux-x86_64, r-patched-solaris-x86

Version: 0.1.3
Check: dependencies in R code
Result: NOTE
    Namespace in Imports field not imported from: ‘knitr’
     All declared Imports should be used.
Flavors: r-devel-linux-x86_64-fedora-clang, r-devel-linux-x86_64-fedora-gcc, r-patched-osx-x86_64, r-patched-solaris-x86, r-release-osx-x86_64, r-oldrel-osx-x86_64