CRAN Package Check Results for Package emdi

Last updated on 2020-04-25 01:53:01 CEST.

Flavor Version Tinstall Tcheck Ttotal Status Flags
r-devel-linux-x86_64-debian-clang 1.1.7 14.41 126.32 140.73 OK
r-devel-linux-x86_64-debian-gcc 1.1.7 13.07 95.84 108.91 OK
r-devel-linux-x86_64-fedora-clang 1.1.7 171.75 NOTE
r-devel-linux-x86_64-fedora-gcc 1.1.7 171.27 NOTE
r-devel-windows-ix86+x86_64 1.1.7 53.00 127.00 180.00 OK
r-patched-linux-x86_64 1.1.7 13.52 120.17 133.69 OK
r-patched-osx-x86_64 1.1.7 NOTE
r-patched-solaris-x86 1.1.7 241.40 NOTE
r-release-linux-x86_64 1.1.7 12.30 109.25 121.55 OK
r-release-windows-ix86+x86_64 1.1.7 38.00 117.00 155.00 OK
r-release-osx-x86_64 1.1.7 NOTE
r-oldrel-windows-ix86+x86_64 1.1.7 20.00 167.00 187.00 OK
r-oldrel-osx-x86_64 1.1.7 NOTE

Check Details

Version: 1.1.7
Check: dependencies in R code
Result: NOTE
    Namespaces in Imports field not imported from:
     ‘graphics’ ‘maptools’ ‘rgeos’
     All declared Imports should be used.
Flavors: r-devel-linux-x86_64-fedora-clang, r-devel-linux-x86_64-fedora-gcc, r-patched-osx-x86_64, r-patched-solaris-x86, r-release-osx-x86_64, r-oldrel-osx-x86_64

Version: 1.1.7
Check: data for non-ASCII characters
Result: NOTE
     Note: found 24 marked Latin-1 strings
Flavors: r-devel-linux-x86_64-fedora-clang, r-devel-linux-x86_64-fedora-gcc, r-patched-osx-x86_64, r-patched-solaris-x86, r-release-osx-x86_64, r-oldrel-osx-x86_64