Last updated on 2020-04-25 01:53:01 CEST.
Flavor | Version | Tinstall | Tcheck | Ttotal | Status | Flags |
---|---|---|---|---|---|---|
r-devel-linux-x86_64-debian-clang | 0.0.11 | 1048.00 | 40.59 | 1088.59 | OK | |
r-devel-linux-x86_64-debian-gcc | 0.0.11 | 632.89 | 32.56 | 665.45 | OK | |
r-devel-linux-x86_64-fedora-clang | 0.0.11 | 1614.30 | NOTE | |||
r-devel-linux-x86_64-fedora-gcc | 0.0.11 | 1357.54 | OK | |||
r-devel-windows-ix86+x86_64 | 0.0.11 | 2706.00 | 99.00 | 2805.00 | NOTE | |
r-patched-linux-x86_64 | 0.0.11 | 796.75 | 40.49 | 837.24 | OK | |
r-patched-osx-x86_64 | 0.0.11 | NOTE | ||||
r-patched-solaris-x86 | 0.0.11 | 1171.10 | OK | |||
r-release-linux-x86_64 | 0.0.11 | 790.62 | 38.11 | 828.73 | OK | |
r-release-windows-ix86+x86_64 | 0.0.11 | 2426.00 | 95.00 | 2521.00 | NOTE | |
r-release-osx-x86_64 | 0.0.11 | NOTE | ||||
r-oldrel-windows-ix86+x86_64 | 0.0.11 | 1447.00 | 117.00 | 1564.00 | NOTE | |
r-oldrel-osx-x86_64 | 0.0.11 | NOTE |
Version: 0.0.11
Check: installed package size
Result: NOTE
installed size is 20.8Mb
sub-directories of 1Mb or more:
data 2.0Mb
libs 18.5Mb
Flavors: r-devel-linux-x86_64-fedora-clang, r-devel-windows-ix86+x86_64, r-patched-osx-x86_64, r-release-windows-ix86+x86_64, r-release-osx-x86_64, r-oldrel-windows-ix86+x86_64, r-oldrel-osx-x86_64