CRAN Package Check Results for Package eicm

Last updated on 2020-04-25 01:53:00 CEST.

Flavor Version Tinstall Tcheck Ttotal Status Flags
r-devel-linux-x86_64-debian-clang 1.0.0 10.58 283.81 294.39 OK
r-devel-linux-x86_64-debian-gcc 1.0.0 7.02 207.16 214.18 OK
r-devel-linux-x86_64-fedora-clang 1.0.0 354.25 NOTE
r-devel-linux-x86_64-fedora-gcc 1.0.0 341.71 NOTE
r-devel-windows-ix86+x86_64 1.0.0 32.00 434.00 466.00 OK
r-patched-linux-x86_64 1.0.0 9.19 272.55 281.74 OK
r-patched-osx-x86_64 1.0.0 NOTE
r-patched-solaris-x86 1.0.0 604.70 NOTE
r-release-linux-x86_64 1.0.0 8.01 261.19 269.20 OK
r-release-windows-ix86+x86_64 1.0.0 28.00 429.00 457.00 OK
r-release-osx-x86_64 1.0.0 NOTE
r-oldrel-windows-ix86+x86_64 1.0.0 15.00 444.00 459.00 OK

Additional issues

valgrind

Check Details

Version: 1.0.0
Check: dependencies in R code
Result: NOTE
    Namespace in Imports field not imported from: ‘snow’
     All declared Imports should be used.
Flavors: r-devel-linux-x86_64-fedora-clang, r-devel-linux-x86_64-fedora-gcc, r-patched-osx-x86_64, r-patched-solaris-x86, r-release-osx-x86_64