CRAN Package Check Results for Package ei

Last updated on 2020-04-25 01:53:00 CEST.

Flavor Version Tinstall Tcheck Ttotal Status Flags
r-devel-linux-x86_64-debian-clang 1.3-3 14.24 120.47 134.71 OK
r-devel-linux-x86_64-debian-gcc 1.3-3 11.78 91.94 103.72 OK
r-devel-linux-x86_64-fedora-clang 1.3-3 161.32 OK
r-devel-linux-x86_64-fedora-gcc 1.3-3 161.03 OK
r-devel-windows-ix86+x86_64 1.3-3 40.00 125.00 165.00 OK
r-patched-linux-x86_64 1.3-3 13.35 118.31 131.66 OK
r-patched-osx-x86_64 1.3-3 OK
r-patched-solaris-x86 1.3-3 225.00 OK
r-release-linux-x86_64 1.3-3 11.57 106.41 117.98 OK
r-release-windows-ix86+x86_64 1.3-3 33.00 121.00 154.00 OK
r-release-osx-x86_64 1.3-3 FAIL
r-oldrel-windows-ix86+x86_64 1.3-3 13.00 170.00 183.00 OK
r-oldrel-osx-x86_64 1.3-3 OK

Check Details

Version: 1.3-3
Check: dependencies in R code
Result: FAIL
Flavor: r-release-osx-x86_64