CRAN Package Check Results for Package eha

Last updated on 2020-04-25 01:53:00 CEST.

Flavor Version Tinstall Tcheck Ttotal Status Flags
r-devel-linux-x86_64-debian-clang 2.8.1 28.10 103.12 131.22 OK
r-devel-linux-x86_64-debian-gcc 2.8.1 20.09 79.95 100.04 OK
r-devel-linux-x86_64-fedora-clang 2.8.1 158.76 OK
r-devel-linux-x86_64-fedora-gcc 2.8.1 156.69 OK
r-devel-windows-ix86+x86_64 2.8.1 74.00 142.00 216.00 OK
r-patched-linux-x86_64 2.8.1 24.94 101.62 126.56 OK
r-patched-osx-x86_64 2.8.1 WARN
r-patched-solaris-x86 2.8.1 206.30 OK
r-release-linux-x86_64 2.8.1 19.32 93.75 113.07 OK
r-release-windows-ix86+x86_64 2.8.1 74.00 131.00 205.00 OK
r-release-osx-x86_64 2.8.1 OK
r-oldrel-windows-ix86+x86_64 2.8.1 54.00 167.00 221.00 OK
r-oldrel-osx-x86_64 2.8.0 OK

Check Details

Version: 2.8.1
Check: re-building of vignette outputs
Result: WARN
    Error(s) in re-building vignettes:
     ...
    --- re-building ‘eha.Rmd’ using rmarkdown
    dyld: lazy symbol binding failed: Symbol not found: ____chkstk_darwin
     Referenced from: /usr/local/bin/pandoc (which was built for Mac OS X 10.15)
     Expected in: /usr/lib/libSystem.B.dylib
    
    dyld: Symbol not found: ____chkstk_darwin
     Referenced from: /usr/local/bin/pandoc (which was built for Mac OS X 10.15)
     Expected in: /usr/lib/libSystem.B.dylib
    
    Error: processing vignette 'eha.Rmd' failed with diagnostics:
    pandoc document conversion failed with error 6
    --- failed re-building ‘eha.Rmd’
    
    --- re-building ‘parametric.Rnw’ using Sweave
    --- finished re-building ‘parametric.Rnw’
    
    SUMMARY: processing the following file failed:
     ‘eha.Rmd’
    
    Error: Vignette re-building failed.
    Execution halted
Flavor: r-patched-osx-x86_64