CRAN Package Check Results for Package editData

Last updated on 2020-04-25 01:53:00 CEST.

Flavor Version Tinstall Tcheck Ttotal Status Flags
r-devel-linux-x86_64-debian-clang 0.1.2 4.01 35.36 39.37 OK
r-devel-linux-x86_64-debian-gcc 0.1.2 3.07 28.36 31.43 OK
r-devel-linux-x86_64-fedora-clang 0.1.2 48.94 OK
r-devel-linux-x86_64-fedora-gcc 0.1.2 48.01 OK
r-devel-windows-ix86+x86_64 0.1.2 19.00 59.00 78.00 OK
r-patched-linux-x86_64 0.1.2 3.80 35.33 39.13 OK
r-patched-osx-x86_64 0.1.2 WARN
r-patched-solaris-x86 0.1.2 73.60 OK
r-release-linux-x86_64 0.1.2 3.42 33.10 36.52 OK
r-release-windows-ix86+x86_64 0.1.2 18.00 81.00 99.00 OK
r-release-osx-x86_64 0.1.2 OK
r-oldrel-windows-ix86+x86_64 0.1.2 7.00 49.00 56.00 OK
r-oldrel-osx-x86_64 0.1.2 OK

Check Details

Version: 0.1.2
Check: re-building of vignette outputs
Result: WARN
    Error(s) in re-building vignettes:
     ...
    --- re-building ‘editData.Rmd’ using rmarkdown
    dyld: lazy symbol binding failed: Symbol not found: ____chkstk_darwin
     Referenced from: /usr/local/bin/pandoc (which was built for Mac OS X 10.15)
     Expected in: /usr/lib/libSystem.B.dylib
    
    dyld: Symbol not found: ____chkstk_darwin
     Referenced from: /usr/local/bin/pandoc (which was built for Mac OS X 10.15)
     Expected in: /usr/lib/libSystem.B.dylib
    
    Error: processing vignette 'editData.Rmd' failed with diagnostics:
    pandoc document conversion failed with error 6
    --- failed re-building ‘editData.Rmd’
    
    SUMMARY: processing the following file failed:
     ‘editData.Rmd’
    
    Error: Vignette re-building failed.
    Execution halted
Flavor: r-patched-osx-x86_64