CRAN Package Check Results for Package edina

Last updated on 2020-04-25 01:53:00 CEST.

Flavor Version Tinstall Tcheck Ttotal Status Flags
r-devel-linux-x86_64-debian-clang 0.1.1 40.91 44.28 85.19 OK
r-devel-linux-x86_64-debian-gcc 0.1.1 26.40 33.53 59.93 OK
r-devel-linux-x86_64-fedora-clang 0.1.1 113.52 OK
r-devel-linux-x86_64-fedora-gcc 0.1.1 103.58 OK
r-devel-windows-ix86+x86_64 0.1.1 43.00 5.00 48.00 ERROR
r-patched-linux-x86_64 0.1.1 31.35 41.99 73.34 OK
r-patched-osx-x86_64 0.1.1 OK
r-patched-solaris-x86 0.1.1 127.00 OK
r-release-linux-x86_64 0.1.1 30.18 39.10 69.28 OK
r-release-windows-ix86+x86_64 0.1.1 94.00 87.00 181.00 OK
r-release-osx-x86_64 0.1.1 OK
r-oldrel-windows-ix86+x86_64 0.1.1 68.00 113.00 181.00 OK
r-oldrel-osx-x86_64 0.1.0 OK

Check Details

Version: 0.1.1
Check: whether package can be installed
Result: ERROR
    Installation failed.
Flavor: r-devel-windows-ix86+x86_64