CRAN Package Check Results for Package eclust

Last updated on 2020-04-25 01:53:00 CEST.

Flavor Version Tinstall Tcheck Ttotal Status Flags
r-devel-linux-x86_64-debian-clang 0.1.0 6.91 167.43 174.34 OK
r-devel-linux-x86_64-debian-gcc 0.1.0 6.13 111.13 117.26 OK
r-devel-linux-x86_64-fedora-clang 0.1.0 238.55 NOTE
r-devel-linux-x86_64-fedora-gcc 0.1.0 211.58 NOTE
r-devel-windows-ix86+x86_64 0.1.0 26.00 191.00 217.00 OK
r-patched-linux-x86_64 0.1.0 6.84 167.72 174.56 OK
r-patched-osx-x86_64 0.1.0 WARN
r-patched-solaris-x86 0.1.0 392.80 NOTE
r-release-linux-x86_64 0.1.0 5.24 187.20 192.44 OK
r-release-windows-ix86+x86_64 0.1.0 15.00 222.00 237.00 OK
r-release-osx-x86_64 0.1.0 ERROR
r-oldrel-windows-ix86+x86_64 0.1.0 10.00 288.00 298.00 OK
r-oldrel-osx-x86_64 0.1.0 NOTE

Check Details

Version: 0.1.0
Check: dependencies in R code
Result: NOTE
    Namespace in Imports field not imported from: ‘pander’
     All declared Imports should be used.
Flavors: r-devel-linux-x86_64-fedora-clang, r-devel-linux-x86_64-fedora-gcc, r-patched-osx-x86_64, r-patched-solaris-x86, r-oldrel-osx-x86_64

Version: 0.1.0
Check: re-building of vignette outputs
Result: WARN
    Error(s) in re-building vignettes:
     ...
    --- re-building ‘eclust.Rmd’ using rmarkdown
    See example usage at http://sahirbhatnagar.com/eclust/
    dyld: lazy symbol binding failed: Symbol not found: ____chkstk_darwin
     Referenced from: /usr/local/bin/pandoc (which was built for Mac OS X 10.15)
     Expected in: /usr/lib/libSystem.B.dylib
    
    dyld: Symbol not found: ____chkstk_darwin
     Referenced from: /usr/local/bin/pandoc (which was built for Mac OS X 10.15)
     Expected in: /usr/lib/libSystem.B.dylib
    
    Error: processing vignette 'eclust.Rmd' failed with diagnostics:
    pandoc document conversion failed with error 6
    --- failed re-building ‘eclust.Rmd’
    
    SUMMARY: processing the following file failed:
     ‘eclust.Rmd’
    
    Error: Vignette re-building failed.
    Execution halted
Flavor: r-patched-osx-x86_64

Version: 0.1.0
Check: package dependencies
Result: ERROR
    Package required but not available: ‘WGCNA’
    
    See section ‘The DESCRIPTION file’ in the ‘Writing R Extensions’
    manual.
Flavor: r-release-osx-x86_64