CRAN Package Check Results for Package easycsv

Last updated on 2020-04-25 01:53:00 CEST.

Flavor Version Tinstall Tcheck Ttotal Status Flags
r-devel-linux-x86_64-debian-clang 1.0.8 2.62 24.97 27.59 NOTE
r-devel-linux-x86_64-debian-gcc 1.0.8 1.91 19.40 21.31 NOTE
r-devel-linux-x86_64-fedora-clang 1.0.8 33.91 NOTE
r-devel-linux-x86_64-fedora-gcc 1.0.8 41.71 NOTE
r-devel-windows-ix86+x86_64 1.0.8 7.00 36.00 43.00 OK
r-patched-linux-x86_64 1.0.8 2.37 24.20 26.57 NOTE
r-patched-osx-x86_64 1.0.8 OK
r-patched-solaris-x86 1.0.8 56.10 NOTE
r-release-linux-x86_64 1.0.8 1.86 23.61 25.47 OK
r-release-windows-ix86+x86_64 1.0.8 7.00 34.00 41.00 OK
r-release-osx-x86_64 1.0.8 OK
r-oldrel-windows-ix86+x86_64 1.0.8 3.00 49.00 52.00 OK
r-oldrel-osx-x86_64 1.0.8 OK

Check Details

Version: 1.0.8
Check: for non-standard things in the check directory
Result: NOTE
    Found the following files/directories:
     'example_table1.csv' 'example_table1.txt' 'example_table2.csv'
     'example_table2.txt' 'example_table3.csv' 'example_table3.txt'
     'table1.csv' 'table2.csv' 'table2.txt' 'table3.txt' 'table4.txt'
Flavors: r-devel-linux-x86_64-debian-clang, r-devel-linux-x86_64-debian-gcc, r-devel-linux-x86_64-fedora-clang, r-devel-linux-x86_64-fedora-gcc, r-patched-linux-x86_64, r-patched-solaris-x86