CRAN Package Check Results for Package dynsurv

Last updated on 2020-04-25 01:53:00 CEST.

Flavor Version Tinstall Tcheck Ttotal Status Flags
r-devel-linux-x86_64-debian-clang 0.3-7 46.57 79.65 126.22 OK
r-devel-linux-x86_64-debian-gcc 0.3-7 30.03 60.16 90.19 OK
r-devel-linux-x86_64-fedora-clang 0.3-7 164.00 NOTE
r-devel-linux-x86_64-fedora-gcc 0.3-7 149.42 OK
r-devel-windows-ix86+x86_64 0.3-7 93.00 123.00 216.00 OK
r-patched-linux-x86_64 0.3-7 34.51 74.95 109.46 OK
r-patched-osx-x86_64 0.3-7 NOTE
r-patched-solaris-x86 0.3-7 214.50 OK
r-release-linux-x86_64 0.3-7 29.59 69.46 99.05 OK
r-release-windows-ix86+x86_64 0.3-7 80.00 120.00 200.00 OK
r-release-osx-x86_64 0.3-7 NOTE
r-oldrel-windows-ix86+x86_64 0.3-7 55.00 158.00 213.00 OK
r-oldrel-osx-x86_64 0.3-7 NOTE

Check Details

Version: 0.3-7
Check: installed package size
Result: NOTE
     installed size is 6.7Mb
     sub-directories of 1Mb or more:
     libs 6.4Mb
Flavors: r-devel-linux-x86_64-fedora-clang, r-patched-osx-x86_64, r-release-osx-x86_64, r-oldrel-osx-x86_64