CRAN Package Check Results for Package drake

Last updated on 2020-04-25 01:53:00 CEST.

Flavor Version Tinstall Tcheck Ttotal Status Flags
r-devel-linux-x86_64-debian-clang 7.12.0 20.38 193.57 213.95 OK
r-devel-linux-x86_64-debian-gcc 7.12.0 16.80 147.40 164.20 OK
r-devel-linux-x86_64-fedora-clang 7.12.0 244.19 OK
r-devel-linux-x86_64-fedora-gcc 7.12.0 262.95 OK
r-devel-windows-ix86+x86_64 7.12.0 47.00 415.00 462.00 OK
r-patched-linux-x86_64 7.12.0 17.13 188.06 205.19 OK
r-patched-osx-x86_64 7.12.0 NOTE
r-patched-solaris-x86 7.12.0 312.90 OK
r-release-linux-x86_64 7.12.0 14.20 169.89 184.09 OK
r-release-windows-ix86+x86_64 7.12.0 37.00 566.00 603.00 OK
r-release-osx-x86_64 7.12.0 OK
r-oldrel-windows-ix86+x86_64 7.12.0 22.00 369.00 391.00 OK
r-oldrel-osx-x86_64 7.11.0 OK

Check Details

Version: 7.12.0
Check: package dependencies
Result: NOTE
    Package suggested but not available for checking: ‘clustermq’
Flavor: r-patched-osx-x86_64