CRAN Package Check Results for Package dplyr.teradata

Last updated on 2020-04-25 01:53:00 CEST.

Flavor Version Tinstall Tcheck Ttotal Status Flags
r-devel-linux-x86_64-debian-clang 0.3.2 7.33 57.53 64.86 OK
r-devel-linux-x86_64-debian-gcc 0.3.2 6.22 43.93 50.15 OK
r-devel-linux-x86_64-fedora-clang 0.3.2 79.84 NOTE
r-devel-linux-x86_64-fedora-gcc 0.3.2 79.15 NOTE
r-devel-windows-ix86+x86_64 0.3.2 29.00 72.00 101.00 OK
r-patched-linux-x86_64 0.3.2 6.45 55.19 61.64 OK
r-patched-osx-x86_64 0.3.2 WARN
r-patched-solaris-x86 0.3.2 110.40 NOTE
r-release-linux-x86_64 0.3.2 5.32 50.02 55.34 OK
r-release-windows-ix86+x86_64 0.3.2 20.00 65.00 85.00 OK
r-release-osx-x86_64 0.3.2 NOTE
r-oldrel-windows-ix86+x86_64 0.3.2 10.00 64.00 74.00 OK
r-oldrel-osx-x86_64 0.3.2 NOTE

Check Details

Version: 0.3.2
Check: dependencies in R code
Result: NOTE
    Namespaces in Imports field not imported from:
     ‘bit64’ ‘rstudioapi’
     All declared Imports should be used.
Flavors: r-devel-linux-x86_64-fedora-clang, r-devel-linux-x86_64-fedora-gcc, r-patched-osx-x86_64, r-patched-solaris-x86, r-release-osx-x86_64, r-oldrel-osx-x86_64

Version: 0.3.2
Check: re-building of vignette outputs
Result: WARN
    Error(s) in re-building vignettes:
    --- re-building ‘dplyr.teradata.Rmd’ using rmarkdown
    Loading required package: dplyr
    
    Attaching package: 'dplyr'
    
    The following objects are masked from 'package:stats':
    
     filter, lag
    
    The following objects are masked from 'package:base':
    
     intersect, setdiff, setequal, union
    
    Loading required package: dbplyr
    
    Attaching package: 'dbplyr'
    
    The following objects are masked from 'package:dplyr':
    
     ident, sql
    
    dyld: lazy symbol binding failed: Symbol not found: ____chkstk_darwin
     Referenced from: /usr/local/bin/pandoc (which was built for Mac OS X 10.15)
     Expected in: /usr/lib/libSystem.B.dylib
    
    dyld: Symbol not found: ____chkstk_darwin
     Referenced from: /usr/local/bin/pandoc (which was built for Mac OS X 10.15)
     Expected in: /usr/lib/libSystem.B.dylib
    
    Error: processing vignette 'dplyr.teradata.Rmd' failed with diagnostics:
    pandoc document conversion failed with error 6
    --- failed re-building ‘dplyr.teradata.Rmd’
    
    SUMMARY: processing the following file failed:
     ‘dplyr.teradata.Rmd’
    
    Error: Vignette re-building failed.
    Execution halted
Flavor: r-patched-osx-x86_64