CRAN Package Check Results for Package dkanr

Last updated on 2020-04-25 01:53:00 CEST.

Flavor Version Tinstall Tcheck Ttotal Status Flags
r-devel-linux-x86_64-debian-clang 0.1.3 3.95 67.54 71.49 OK
r-devel-linux-x86_64-debian-gcc 0.1.3 3.00 51.70 54.70 OK
r-devel-linux-x86_64-fedora-clang 0.1.3 83.58 OK
r-devel-linux-x86_64-fedora-gcc 0.1.3 83.45 OK
r-devel-windows-ix86+x86_64 0.1.3 18.00 97.00 115.00 OK
r-patched-linux-x86_64 0.1.3 3.45 67.55 71.00 OK
r-patched-osx-x86_64 0.1.3 WARN
r-patched-solaris-x86 0.1.3 123.00 OK
r-release-linux-x86_64 0.1.3 3.32 60.24 63.56 OK
r-release-windows-ix86+x86_64 0.1.3 14.00 135.00 149.00 OK
r-release-osx-x86_64 0.1.3 OK
r-oldrel-windows-ix86+x86_64 0.1.3 5.00 94.00 99.00 OK
r-oldrel-osx-x86_64 0.1.3 OK

Check Details

Version: 0.1.3
Check: re-building of vignette outputs
Result: WARN
    Error(s) in re-building vignettes:
    --- re-building ‘getting_started_with_dkanr.Rmd’ using rmarkdown
    
    Attaching package: 'purrr'
    
    The following object is masked from 'package:testthat':
    
     is_null
    
    
    Attaching package: 'dplyr'
    
    The following object is masked from 'package:testthat':
    
     matches
    
    The following objects are masked from 'package:stats':
    
     filter, lag
    
    The following objects are masked from 'package:base':
    
     intersect, setdiff, setequal, union
    
    200 records (DKAN nodes) have been retrieved
    dyld: lazy symbol binding failed: Symbol not found: ____chkstk_darwin
     Referenced from: /usr/local/bin/pandoc (which was built for Mac OS X 10.15)
     Expected in: /usr/lib/libSystem.B.dylib
    
    dyld: Symbol not found: ____chkstk_darwin
     Referenced from: /usr/local/bin/pandoc (which was built for Mac OS X 10.15)
     Expected in: /usr/lib/libSystem.B.dylib
    
    Error: processing vignette 'getting_started_with_dkanr.Rmd' failed with diagnostics:
    pandoc document conversion failed with error 6
    --- failed re-building ‘getting_started_with_dkanr.Rmd’
    
    SUMMARY: processing the following file failed:
     ‘getting_started_with_dkanr.Rmd’
    
    Error: Vignette re-building failed.
    Execution halted
Flavor: r-patched-osx-x86_64