CRAN Package Check Results for Package distTails

Last updated on 2020-04-25 01:53:00 CEST.

Flavor Version Tinstall Tcheck Ttotal Status Flags
r-devel-linux-x86_64-debian-clang 0.1.2 2.30 18.35 20.65 OK
r-devel-linux-x86_64-debian-gcc 0.1.2 1.76 14.62 16.38 OK
r-devel-linux-x86_64-fedora-clang 0.1.2 26.05 OK
r-devel-linux-x86_64-fedora-gcc 0.1.2 25.86 OK
r-devel-windows-ix86+x86_64 0.1.2 8.00 33.00 41.00 OK
r-patched-linux-x86_64 0.1.2 2.23 18.24 20.47 OK
r-patched-osx-x86_64 0.1.2 OK
r-patched-solaris-x86 0.1.2 42.00 OK
r-release-linux-x86_64 0.1.2 1.75 17.26 19.01 OK
r-release-windows-ix86+x86_64 0.1.2 6.00 30.00 36.00 OK
r-release-osx-x86_64 0.1.2 OK
r-oldrel-osx-x86_64 0.1.2 ERROR

Check Details

Version: 0.1.2
Check: whether package can be installed
Result: ERROR
    Installation failed.
Flavor: r-oldrel-osx-x86_64