CRAN Package Check Results for Package dissever

Last updated on 2020-04-25 01:53:00 CEST.

Flavor Version Tinstall Tcheck Ttotal Status Flags
r-devel-linux-x86_64-debian-clang 0.2-3 20.36 208.25 228.61 OK
r-devel-linux-x86_64-debian-gcc 0.2-3 17.15 160.33 177.48 OK
r-devel-linux-x86_64-fedora-clang 0.2-3 269.58 OK
r-devel-linux-x86_64-fedora-gcc 0.2-3 272.16 OK
r-devel-windows-ix86+x86_64 0.2-3 63.00 198.00 261.00 OK
r-patched-linux-x86_64 0.2-3 17.00 199.83 216.83 OK
r-patched-osx-x86_64 0.2-3 WARN
r-patched-solaris-x86 0.2-3 406.00 OK
r-release-linux-x86_64 0.2-3 16.32 183.80 200.12 OK
r-release-windows-ix86+x86_64 0.2-3 45.00 186.00 231.00 OK
r-release-osx-x86_64 0.2-3 OK
r-oldrel-windows-ix86+x86_64 0.2-3 20.00 193.00 213.00 OK
r-oldrel-osx-x86_64 0.2-3 OK

Check Details

Version: 0.2-3
Check: re-building of vignette outputs
Result: WARN
    Error(s) in re-building vignettes:
    --- re-building ‘dissever-demo.Rmd’ using rmarkdown
    Loading required package: sp
    Loading required package: viridisLite
    
    Attaching package: 'dplyr'
    
    The following objects are masked from 'package:raster':
    
     intersect, select, union
    
    The following objects are masked from 'package:stats':
    
     filter, lag
    
    The following objects are masked from 'package:base':
    
     intersect, setdiff, setequal, union
    
    
    Attaching package: 'magrittr'
    
    The following object is masked from 'package:raster':
    
     extract
    
    Loading required package: lattice
    Loading required package: ggplot2
    Loading required package: gam
    Loading required package: splines
    Loading required package: foreach
    Loaded gam 1.16.1
    
    dyld: lazy symbol binding failed: Symbol not found: ____chkstk_darwin
     Referenced from: /usr/local/bin/pandoc (which was built for Mac OS X 10.15)
     Expected in: /usr/lib/libSystem.B.dylib
    
    dyld: Symbol not found: ____chkstk_darwin
     Referenced from: /usr/local/bin/pandoc (which was built for Mac OS X 10.15)
     Expected in: /usr/lib/libSystem.B.dylib
    
    Error: processing vignette 'dissever-demo.Rmd' failed with diagnostics:
    pandoc document conversion failed with error 6
    --- failed re-building ‘dissever-demo.Rmd’
    
    SUMMARY: processing the following file failed:
     ‘dissever-demo.Rmd’
    
    Error: Vignette re-building failed.
    Execution halted
Flavor: r-patched-osx-x86_64