CRAN Package Check Results for Package dialr

Last updated on 2020-04-25 01:52:59 CEST.

Flavor Version Tinstall Tcheck Ttotal Status Flags
r-devel-linux-x86_64-debian-clang 0.3.1 5.48 69.64 75.12 OK
r-devel-linux-x86_64-debian-gcc 0.3.1 4.13 54.22 58.35 OK
r-devel-linux-x86_64-fedora-clang 0.3.1 93.76 OK
r-devel-linux-x86_64-fedora-gcc 0.3.1 87.32 OK
r-devel-windows-ix86+x86_64 0.3.1 15.00 74.00 89.00 OK
r-patched-linux-x86_64 0.3.1 4.99 69.88 74.87 OK
r-patched-osx-x86_64 0.3.1 WARN
r-patched-solaris-x86 0.3.1 111.40 OK
r-release-linux-x86_64 0.3.1 4.17 64.18 68.35 OK
r-release-windows-ix86+x86_64 0.3.1 14.00 72.00 86.00 OK
r-release-osx-x86_64 0.3.1 OK
r-oldrel-windows-ix86+x86_64 0.3.1 5.00 96.00 101.00 OK
r-oldrel-osx-x86_64 0.3.0 OK

Check Details

Version: 0.3.1
Check: re-building of vignette outputs
Result: WARN
    Error(s) in re-building vignettes:
    --- re-building ‘dialr.Rmd’ using rmarkdown
    dyld: lazy symbol binding failed: Symbol not found: ____chkstk_darwin
     Referenced from: /usr/local/bin/pandoc (which was built for Mac OS X 10.15)
     Expected in: /usr/lib/libSystem.B.dylib
    
    dyld: Symbol not found: ____chkstk_darwin
     Referenced from: /usr/local/bin/pandoc (which was built for Mac OS X 10.15)
     Expected in: /usr/lib/libSystem.B.dylib
    
    Error: processing vignette 'dialr.Rmd' failed with diagnostics:
    pandoc document conversion failed with error 6
    --- failed re-building ‘dialr.Rmd’
    
    --- re-building ‘oneshot.Rmd’ using rmarkdown
    Warning: ph_valid() is soft deprecated as of dialr 0.2.0
    please use is_valid() instead
    Warning: ph_possible() is soft deprecated as of dialr 0.2.0
    please use is_possible() instead
    Warning: ph_region() is soft deprecated as of dialr 0.2.0
    please use get_region() instead
    Warning: ph_type() is soft deprecated as of dialr 0.2.0
    please use get_type() instead
    Warning: ph_format() is soft deprecated as of dialr 0.2.0
    please use format.phone() instead
    Warning: ph_format() is soft deprecated as of dialr 0.2.0
    please use format.phone() instead
    dyld: lazy symbol binding failed: Symbol not found: ____chkstk_darwin
     Referenced from: /usr/local/bin/pandoc (which was built for Mac OS X 10.15)
     Expected in: /usr/lib/libSystem.B.dylib
    
    dyld: Symbol not found: ____chkstk_darwin
     Referenced from: /usr/local/bin/pandoc (which was built for Mac OS X 10.15)
     Expected in: /usr/lib/libSystem.B.dylib
    
    Error: processing vignette 'oneshot.Rmd' failed with diagnostics:
    pandoc document conversion failed with error 6
    --- failed re-building ‘oneshot.Rmd’
    
    SUMMARY: processing the following files failed:
     ‘dialr.Rmd’ ‘oneshot.Rmd’
    
    Error: Vignette re-building failed.
    Execution halted
Flavor: r-patched-osx-x86_64