CRAN Package Check Results for Package dfpk

Last updated on 2020-04-25 01:52:59 CEST.

Flavor Version Tinstall Tcheck Ttotal Status Flags
r-devel-linux-x86_64-debian-clang 3.5.1 204.57 98.00 302.57 NOTE
r-devel-linux-x86_64-debian-gcc 3.5.1 217.20 76.39 293.59 NOTE
r-devel-linux-x86_64-fedora-clang 3.5.1 406.11 NOTE
r-devel-linux-x86_64-fedora-gcc 3.5.1 494.87 NOTE
r-devel-windows-ix86+x86_64 3.5.1 438.00 182.00 620.00 NOTE
r-patched-linux-x86_64 3.5.1 203.28 97.88 301.16 NOTE
r-patched-osx-x86_64 3.5.1 NOTE
r-patched-solaris-x86 3.5.1 391.20 NOTE
r-release-linux-x86_64 3.5.1 178.92 86.14 265.06 NOTE
r-release-windows-ix86+x86_64 3.5.1 402.00 166.00 568.00 NOTE
r-release-osx-x86_64 3.5.1 NOTE
r-oldrel-windows-ix86+x86_64 3.5.1 281.00 229.00 510.00 NOTE
r-oldrel-osx-x86_64 3.5.1 NOTE

Check Details

Version: 3.5.1
Check: for GNU extensions in Makefiles
Result: NOTE
    GNU make is a SystemRequirements.
Flavors: r-devel-linux-x86_64-debian-clang, r-devel-linux-x86_64-debian-gcc, r-devel-linux-x86_64-fedora-clang, r-devel-linux-x86_64-fedora-gcc, r-devel-windows-ix86+x86_64, r-patched-linux-x86_64, r-patched-osx-x86_64, r-patched-solaris-x86, r-release-linux-x86_64, r-release-windows-ix86+x86_64, r-release-osx-x86_64, r-oldrel-windows-ix86+x86_64, r-oldrel-osx-x86_64

Version: 3.5.1
Check: installed package size
Result: NOTE
     installed size is 53.6Mb
     sub-directories of 1Mb or more:
     libs 53.0Mb
Flavors: r-devel-linux-x86_64-fedora-clang, r-devel-windows-ix86+x86_64, r-patched-osx-x86_64, r-release-windows-ix86+x86_64, r-release-osx-x86_64, r-oldrel-windows-ix86+x86_64, r-oldrel-osx-x86_64