Last updated on 2020-04-25 01:52:59 CEST.
Flavor | Version | Tinstall | Tcheck | Ttotal | Status | Flags |
---|---|---|---|---|---|---|
r-devel-linux-x86_64-debian-clang | 0.1.2 | 51.84 | 145.31 | 197.15 | OK | |
r-devel-linux-x86_64-debian-gcc | 0.1.2 | 36.14 | 108.22 | 144.36 | OK | |
r-devel-linux-x86_64-fedora-clang | 0.1.2 | 267.88 | OK | |||
r-devel-linux-x86_64-fedora-gcc | 0.1.2 | 265.70 | OK | |||
r-devel-windows-ix86+x86_64 | 0.1.2 | 145.00 | 206.00 | 351.00 | OK | |
r-patched-linux-x86_64 | 0.1.2 | 41.81 | 142.95 | 184.76 | OK | |
r-patched-osx-x86_64 | 0.1.2 | WARN | ||||
r-patched-solaris-x86 | 0.1.2 | 408.50 | OK | |||
r-release-linux-x86_64 | 0.1.2 | 41.44 | 133.25 | 174.69 | OK | |
r-release-windows-ix86+x86_64 | 0.1.2 | 132.00 | 265.00 | 397.00 | OK | |
r-release-osx-x86_64 | 0.1.2 | OK | ||||
r-oldrel-windows-ix86+x86_64 | 0.1.2 | 72.00 | 179.00 | 251.00 | OK | |
r-oldrel-osx-x86_64 | 0.1.2 | OK |
Version: 0.1.2
Check: re-building of vignette outputs
Result: WARN
Error(s) in re-building vignettes:
...
--- re-building ‘multistage_fundamentals.Rmd’ using rmarkdown
Fontconfig error: Cannot load default config file
Computing non-mst profile_tables over an mst design, did you mean to use profile_tables_mst?
Warning: Column `item_id` joining character vector and factor, coercing into character vector
Warning: Removed 33 rows containing missing values (geom_point).
dyld: lazy symbol binding failed: Symbol not found: ____chkstk_darwin
Referenced from: /usr/local/bin/pandoc (which was built for Mac OS X 10.15)
Expected in: /usr/lib/libSystem.B.dylib
dyld: Symbol not found: ____chkstk_darwin
Referenced from: /usr/local/bin/pandoc (which was built for Mac OS X 10.15)
Expected in: /usr/lib/libSystem.B.dylib
Error: processing vignette 'multistage_fundamentals.Rmd' failed with diagnostics:
pandoc document conversion failed with error 6
--- failed re-building ‘multistage_fundamentals.Rmd’
SUMMARY: processing the following file failed:
‘multistage_fundamentals.Rmd’
Error: Vignette re-building failed.
Execution halted
Flavor: r-patched-osx-x86_64