CRAN Package Check Results for Package depmixS4

Last updated on 2020-04-25 01:52:59 CEST.

Flavor Version Tinstall Tcheck Ttotal Status Flags
r-devel-linux-x86_64-debian-clang 1.4-2 9.84 112.28 122.12 NOTE
r-devel-linux-x86_64-debian-gcc 1.4-2 7.89 79.20 87.09 NOTE
r-devel-linux-x86_64-fedora-clang 1.4-2 143.16 NOTE
r-devel-linux-x86_64-fedora-gcc 1.4-2 142.33 NOTE
r-devel-windows-ix86+x86_64 1.4-2 31.00 151.00 182.00 NOTE
r-patched-linux-x86_64 1.4-2 10.22 107.51 117.73 NOTE
r-patched-osx-x86_64 1.4-2 NOTE
r-patched-solaris-x86 1.4-2 191.00 NOTE
r-release-linux-x86_64 1.4-2 7.81 98.42 106.23 NOTE
r-release-windows-ix86+x86_64 1.4-2 25.00 150.00 175.00 NOTE
r-release-osx-x86_64 1.4-2 NOTE
r-oldrel-windows-ix86+x86_64 1.4-0 15.00 160.00 175.00 NOTE
r-oldrel-osx-x86_64 1.4-2 ERROR

Check Details

Version: 1.4-2
Check: package dependencies
Result: NOTE
    Package suggested but not available for checking: 'Rdonlp2'
Flavors: r-devel-linux-x86_64-debian-clang, r-devel-linux-x86_64-debian-gcc, r-devel-linux-x86_64-fedora-clang, r-devel-linux-x86_64-fedora-gcc, r-devel-windows-ix86+x86_64, r-patched-linux-x86_64, r-patched-osx-x86_64, r-patched-solaris-x86, r-release-linux-x86_64, r-release-windows-ix86+x86_64, r-release-osx-x86_64, r-oldrel-osx-x86_64

Version: 1.4-0
Check: package dependencies
Result: NOTE
    Package suggested but not available for checking: 'Rdonlp2'
Flavor: r-oldrel-windows-ix86+x86_64

Version: 1.4-2
Check: whether package can be installed
Result: ERROR
    Installation failed.
Flavor: r-oldrel-osx-x86_64