CRAN Package Check Results for Package dendroTools

Last updated on 2020-04-25 01:52:59 CEST.

Flavor Version Tinstall Tcheck Ttotal Status Flags
r-devel-linux-x86_64-debian-clang 1.0.7 22.95 459.46 482.41 OK
r-devel-linux-x86_64-debian-gcc 1.0.7 21.82 325.49 347.31 OK
r-devel-linux-x86_64-fedora-clang 1.0.7 544.38 OK
r-devel-linux-x86_64-fedora-gcc 1.0.7 558.73 OK
r-devel-windows-ix86+x86_64 1.0.7 61.00 243.00 304.00 OK --no-vignettes
r-patched-linux-x86_64 1.0.7 22.65 441.85 464.50 OK
r-patched-osx-x86_64 1.0.7 WARN
r-patched-solaris-x86 1.0.7 686.00 OK
r-release-linux-x86_64 1.0.7 21.54 402.56 424.10 OK
r-release-windows-ix86+x86_64 1.0.7 47.00 142.00 189.00 OK --no-vignettes
r-release-osx-x86_64 1.0.7 OK
r-oldrel-windows-ix86+x86_64 1.0.7 23.00 205.00 228.00 OK --no-vignettes
r-oldrel-osx-x86_64 1.0.7 OK

Check Details

Version: 1.0.7
Check: re-building of vignette outputs
Result: WARN
    Error(s) in re-building vignettes:
    --- re-building ‘Examples_daily_response.Rmd’ using rmarkdown
    Warning: Removed 92 row(s) containing missing values (geom_path).
    Warning: Removed 71 row(s) containing missing values (geom_path).
    Warning: Removed 124 row(s) containing missing values (geom_path).
    Warning: Removed 125 row(s) containing missing values (geom_path).
    Warning: Removed 30 row(s) containing missing values (geom_path).
    Warning: Removed 8 row(s) containing missing values (geom_path).
    dyld: lazy symbol binding failed: Symbol not found: ____chkstk_darwin
     Referenced from: /usr/local/bin/pandoc (which was built for Mac OS X 10.15)
     Expected in: /usr/lib/libSystem.B.dylib
    
    dyld: Symbol not found: ____chkstk_darwin
     Referenced from: /usr/local/bin/pandoc (which was built for Mac OS X 10.15)
     Expected in: /usr/lib/libSystem.B.dylib
    
    Error: processing vignette 'Examples_daily_response.Rmd' failed with diagnostics:
    pandoc document conversion failed with error 6
    --- failed re-building ‘Examples_daily_response.Rmd’
    
    --- re-building ‘compare_methods_vignette.Rmd’ using rmarkdown
    dyld: lazy symbol binding failed: Symbol not found: ____chkstk_darwin
     Referenced from: /usr/local/bin/pandoc (which was built for Mac OS X 10.15)
     Expected in: /usr/lib/libSystem.B.dylib
    
    dyld: Symbol not found: ____chkstk_darwin
     Referenced from: /usr/local/bin/pandoc (which was built for Mac OS X 10.15)
     Expected in: /usr/lib/libSystem.B.dylib
    
    Error: processing vignette 'compare_methods_vignette.Rmd' failed with diagnostics:
    pandoc document conversion failed with error 6
    --- failed re-building ‘compare_methods_vignette.Rmd’
    
    SUMMARY: processing the following files failed:
     ‘Examples_daily_response.Rmd’ ‘compare_methods_vignette.Rmd’
    
    Error: Vignette re-building failed.
    Execution halted
Flavor: r-patched-osx-x86_64