CRAN Package Check Results for Package deepdep

Last updated on 2020-04-25 01:52:59 CEST.

Flavor Version Tinstall Tcheck Ttotal Status Flags
r-devel-linux-x86_64-debian-clang 0.2.0 6.64 150.26 156.90 OK
r-devel-linux-x86_64-debian-gcc 0.2.0 5.82 117.90 123.72 OK
r-devel-linux-x86_64-fedora-clang 0.2.0 188.45 OK
r-devel-linux-x86_64-fedora-gcc 0.2.0 194.11 OK
r-devel-windows-ix86+x86_64 0.2.0 42.00 304.00 346.00 OK
r-patched-linux-x86_64 0.2.0 7.49 145.29 152.78 OK
r-patched-osx-x86_64 0.2.0 WARN
r-patched-solaris-x86 0.2.0 292.60 OK
r-release-linux-x86_64 0.2.0 5.67 139.03 144.70 OK
r-release-windows-ix86+x86_64 0.2.0 24.00 316.00 340.00 OK
r-release-osx-x86_64 0.2.0 OK
r-oldrel-windows-ix86+x86_64 0.2.0 8.00 400.00 408.00 OK
r-oldrel-osx-x86_64 0.2.0 OK

Check Details

Version: 0.2.0
Check: re-building of vignette outputs
Result: WARN
    Error(s) in re-building vignettes:
    --- re-building ‘deepdep-comparison.Rmd’ using rmarkdown
    dyld: lazy symbol binding failed: Symbol not found: ____chkstk_darwin
     Referenced from: /usr/local/bin/pandoc (which was built for Mac OS X 10.15)
     Expected in: /usr/lib/libSystem.B.dylib
    
    dyld: Symbol not found: ____chkstk_darwin
     Referenced from: /usr/local/bin/pandoc (which was built for Mac OS X 10.15)
     Expected in: /usr/lib/libSystem.B.dylib
    
    Error: processing vignette 'deepdep-comparison.Rmd' failed with diagnostics:
    pandoc document conversion failed with error 6
    --- failed re-building ‘deepdep-comparison.Rmd’
    
    --- re-building ‘deepdep-package.Rmd’ using rmarkdown
    dyld: lazy symbol binding failed: Symbol not found: ____chkstk_darwin
     Referenced from: /usr/local/bin/pandoc (which was built for Mac OS X 10.15)
     Expected in: /usr/lib/libSystem.B.dylib
    
    dyld: Symbol not found: ____chkstk_darwin
     Referenced from: /usr/local/bin/pandoc (which was built for Mac OS X 10.15)
     Expected in: /usr/lib/libSystem.B.dylib
    
    Error: processing vignette 'deepdep-package.Rmd' failed with diagnostics:
    pandoc document conversion failed with error 6
    --- failed re-building ‘deepdep-package.Rmd’
    
    SUMMARY: processing the following files failed:
     ‘deepdep-comparison.Rmd’ ‘deepdep-package.Rmd’
    
    Error: Vignette re-building failed.
    Execution halted
Flavor: r-patched-osx-x86_64