CRAN Package Check Results for Package ddiv

Last updated on 2020-04-25 01:52:59 CEST.

Flavor Version Tinstall Tcheck Ttotal Status Flags
r-devel-linux-x86_64-debian-clang 0.1.0 2.64 47.67 50.31 OK
r-devel-linux-x86_64-debian-gcc 0.1.0 2.14 36.17 38.31 OK
r-devel-linux-x86_64-fedora-clang 0.1.0 61.26 NOTE
r-devel-linux-x86_64-fedora-gcc 0.1.0 61.75 NOTE
r-devel-windows-ix86+x86_64 0.1.0 9.00 56.00 65.00 OK
r-patched-linux-x86_64 0.1.0 2.64 46.72 49.36 OK
r-patched-osx-x86_64 0.1.0 NOTE
r-patched-solaris-x86 0.1.0 80.20 NOTE
r-release-linux-x86_64 0.1.0 1.95 43.18 45.13 OK
r-release-windows-ix86+x86_64 0.1.0 7.00 57.00 64.00 OK
r-release-osx-x86_64 0.1.0 NOTE
r-oldrel-windows-ix86+x86_64 0.1.0 3.00 77.00 80.00 OK
r-oldrel-osx-x86_64 0.1.0 NOTE

Check Details

Version: 0.1.0
Check: dependencies in R code
Result: NOTE
    Namespace in Imports field not imported from: ‘MASS’
     All declared Imports should be used.
Flavors: r-devel-linux-x86_64-fedora-clang, r-devel-linux-x86_64-fedora-gcc, r-patched-osx-x86_64, r-patched-solaris-x86, r-release-osx-x86_64, r-oldrel-osx-x86_64